CRAN Package Check Results for Package warpMix

Last updated on 2021-04-13 06:47:08 CEST.

Flavor Version Tinstall Tcheck Ttotal Status Flags
r-devel-linux-x86_64-debian-clang 0.1.0 11.46 101.53 112.99 NOTE
r-devel-linux-x86_64-debian-gcc 0.1.0 9.69 77.11 86.80 NOTE
r-devel-linux-x86_64-fedora-clang 0.1.0 144.36 NOTE
r-devel-linux-x86_64-fedora-gcc 0.1.0 131.48 NOTE
r-devel-windows-ix86+x86_64 0.1.0 31.00 128.00 159.00 NOTE
r-devel-windows-x86_64-gcc10-UCRT 0.1.0 NOTE
r-patched-linux-x86_64 0.1.0 11.72 94.07 105.79 OK
r-patched-solaris-x86 0.1.0 202.70 NOTE
r-release-linux-x86_64 0.1.0 11.71 95.07 106.78 OK
r-release-macos-x86_64 0.1.0 NOTE
r-release-windows-ix86+x86_64 0.1.0 29.00 127.00 156.00 OK
r-oldrel-macos-x86_64 0.1.0 NOTE
r-oldrel-windows-ix86+x86_64 0.1.0 15.00 83.00 98.00 OK

Check Details

Version: 0.1.0
Check: LazyData
Result: NOTE
     'LazyData' is specified without a 'data' directory
Flavors: r-devel-linux-x86_64-debian-clang, r-devel-linux-x86_64-debian-gcc, r-devel-linux-x86_64-fedora-clang, r-devel-linux-x86_64-fedora-gcc, r-devel-windows-ix86+x86_64, r-devel-windows-x86_64-gcc10-UCRT

Version: 0.1.0
Check: dependencies in R code
Result: NOTE
    Namespace in Imports field not imported from: ‘nlme’
     All declared Imports should be used.
Flavors: r-devel-linux-x86_64-fedora-clang, r-devel-linux-x86_64-fedora-gcc, r-devel-windows-x86_64-gcc10-UCRT, r-patched-solaris-x86, r-release-macos-x86_64, r-oldrel-macos-x86_64