CRAN Package Check Results for Package wavScalogram

Last updated on 2020-02-16 13:47:51 CET.

Flavor Version Tinstall Tcheck Ttotal Status Flags
r-devel-linux-x86_64-debian-clang 1.0.0 5.62 48.27 53.89 OK
r-devel-linux-x86_64-debian-gcc 1.0.0 5.22 38.00 43.22 OK
r-devel-linux-x86_64-fedora-clang 1.0.0 69.80 NOTE
r-devel-linux-x86_64-fedora-gcc 1.0.0 63.61 NOTE
r-devel-windows-ix86+x86_64 1.0.0 11.00 57.00 68.00 OK
r-devel-windows-ix86+x86_64-gcc8 1.0.0 17.00 60.00 77.00 OK
r-patched-linux-x86_64 1.0.0 6.03 43.03 49.06 OK
r-patched-solaris-x86 1.0.0 87.90 NOTE
r-release-linux-x86_64 1.0.0 4.21 42.99 47.20 OK
r-release-windows-ix86+x86_64 1.0.0 10.00 69.00 79.00 OK
r-release-osx-x86_64 1.0.0 NOTE
r-oldrel-windows-ix86+x86_64 1.0.0 6.00 65.00 71.00 OK
r-oldrel-osx-x86_64 1.0.0 NOTE

Check Details

Version: 1.0.0
Check: dependencies in R code
Result: NOTE
    Namespaces in Imports field not imported from:
     ‘Matrix’ ‘zoo’
     All declared Imports should be used.
Flavors: r-devel-linux-x86_64-fedora-clang, r-devel-linux-x86_64-fedora-gcc, r-patched-solaris-x86, r-release-osx-x86_64, r-oldrel-osx-x86_64