CRAN Package Check Results for Package wavScalogram

Last updated on 2019-09-23 12:48:07 CEST.

Flavor Version Tinstall Tcheck Ttotal Status Flags
r-devel-linux-x86_64-debian-clang 1.0.0 5.02 43.75 48.77 OK
r-devel-linux-x86_64-debian-gcc 1.0.0 4.78 34.40 39.18 OK
r-devel-linux-x86_64-fedora-clang 1.0.0 61.90 NOTE
r-devel-linux-x86_64-fedora-gcc 1.0.0 58.45 NOTE
r-devel-windows-ix86+x86_64 1.0.0 16.00 54.00 70.00 OK
r-patched-linux-x86_64 1.0.0 4.47 43.02 47.49 OK
r-patched-solaris-x86 1.0.0 83.60 NOTE
r-release-linux-x86_64 1.0.0 4.81 43.71 48.52 OK
r-release-windows-ix86+x86_64 1.0.0 13.00 79.00 92.00 OK
r-release-osx-x86_64 1.0.0 NOTE
r-oldrel-windows-ix86+x86_64 1.0.0 6.00 52.00 58.00 OK
r-oldrel-osx-x86_64 1.0.0 NOTE

Check Details

Version: 1.0.0
Check: dependencies in R code
Result: NOTE
    Namespaces in Imports field not imported from:
     ‘Matrix’ ‘zoo’
     All declared Imports should be used.
Flavors: r-devel-linux-x86_64-fedora-clang, r-devel-linux-x86_64-fedora-gcc, r-patched-solaris-x86, r-release-osx-x86_64, r-oldrel-osx-x86_64