CRAN Package Check Results for Package wbstats

Last updated on 2019-10-22 13:46:35 CEST.

Flavor Version Tinstall Tcheck Ttotal Status Flags
r-devel-linux-x86_64-debian-clang 0.2 2.82 42.37 45.19 OK
r-devel-linux-x86_64-debian-gcc 0.2 2.18 23.03 25.21 ERROR
r-devel-linux-x86_64-fedora-clang 0.2 56.51 NOTE
r-devel-linux-x86_64-fedora-gcc 0.2 57.16 NOTE
r-devel-windows-ix86+x86_64 0.2 6.00 126.00 132.00 OK
r-patched-linux-x86_64 0.2 2.81 42.16 44.97 OK
r-patched-solaris-x86 0.2 80.80 NOTE
r-release-linux-x86_64 0.2 2.55 28.59 31.14 ERROR
r-release-windows-ix86+x86_64 0.2 9.00 94.00 103.00 OK
r-release-osx-x86_64 0.2 NOTE
r-oldrel-windows-ix86+x86_64 0.2 6.00 85.00 91.00 ERROR
r-oldrel-osx-x86_64 0.2 NOTE

Check Details

Version: 0.2
Check: examples
Result: ERROR
    Running examples in ‘wbstats-Ex.R’ failed
    The error most likely occurred in:
    
    > base::assign(".ptime", proc.time(), pos = "CheckExEnv")
    > ### Name: wbsources
    > ### Title: Download updated data source information from World Bank API
    > ### Aliases: wbsources
    >
    > ### ** Examples
    >
    > wbsources()
    Error in call_api(url_string = url_string, indicator = indicator) :
     argument "indicator" is missing, with no default
    Calls: wbsources -> wbget -> call_api
    Execution halted
Flavors: r-devel-linux-x86_64-debian-gcc, r-release-linux-x86_64

Version: 0.2
Check: re-building of vignette outputs
Result: WARN
    Error(s) in re-building vignettes:
     ...
    --- re-building ‘Using_the_wbstats_package.Rmd’ using rmarkdown
    Quitting from lines 49-53 (Using_the_wbstats_package.Rmd)
    Error: processing vignette 'Using_the_wbstats_package.Rmd' failed with diagnostics:
    argument "indicator" is missing, with no default
    --- failed re-building ‘Using_the_wbstats_package.Rmd’
    
    SUMMARY: processing the following file failed:
     ‘Using_the_wbstats_package.Rmd’
    
    Error: Vignette re-building failed.
    Execution halted
Flavors: r-devel-linux-x86_64-debian-gcc, r-release-linux-x86_64

Version: 0.2
Check: data for non-ASCII characters
Result: NOTE
     Note: found 1528 marked UTF-8 strings
Flavors: r-devel-linux-x86_64-fedora-clang, r-devel-linux-x86_64-fedora-gcc, r-patched-solaris-x86, r-release-osx-x86_64, r-oldrel-osx-x86_64

Version: 0.2
Check: examples
Result: ERROR
    Running examples in 'wbstats-Ex.R' failed
    The error most likely occurred in:
    
    > ### Name: wbsources
    > ### Title: Download updated data source information from World Bank API
    > ### Aliases: wbsources
    >
    > ### ** Examples
    >
    > wbsources()
    Error in call_api(url_string = url_string, indicator = indicator) :
     argument "indicator" is missing, with no default
    Calls: wbsources -> wbget -> call_api
    Execution halted
Flavor: r-oldrel-windows-ix86+x86_64

Version: 0.2
Check: re-building of vignette outputs
Result: WARN
    Error in re-building vignettes:
     ...
    Warning in engine$weave(file, quiet = quiet, encoding = enc) :
     The vignette engine knitr::rmarkdown is not available, because the rmarkdown package is not installed. Please install it.
    Quitting from lines 49-53 (Using_the_wbstats_package.Rmd)
    Error: processing vignette 'Using_the_wbstats_package.Rmd' failed with diagnostics:
    argument "indicator" is missing, with no default
    Execution halted
Flavor: r-oldrel-windows-ix86+x86_64