CRAN Package Check Results for Package wikibooks

Last updated on 2019-12-13 11:50:05 CET.

Flavor Version Tinstall Tcheck Ttotal Status Flags
r-devel-linux-x86_64-debian-clang 0.2 2.43 31.32 33.75 NOTE
r-devel-linux-x86_64-debian-gcc 0.2 1.85 23.73 25.58 NOTE
r-devel-linux-x86_64-fedora-clang 0.2 40.71 NOTE
r-devel-linux-x86_64-fedora-gcc 0.2 39.75 NOTE
r-devel-windows-ix86+x86_64 0.2 5.00 59.00 64.00 NOTE
r-devel-windows-ix86+x86_64-gcc8 0.2 7.00 42.00 49.00 NOTE
r-patched-linux-x86_64 0.2 1.94 28.65 30.59 NOTE
r-patched-solaris-x86 0.2 55.40 NOTE
r-release-linux-x86_64 0.2 1.73 28.67 30.40 NOTE
r-release-windows-ix86+x86_64 0.2 5.00 56.00 61.00 NOTE
r-release-osx-x86_64 0.2 NOTE
r-oldrel-windows-ix86+x86_64 0.2 4.00 40.00 44.00 NOTE
r-oldrel-osx-x86_64 0.2 NOTE

Check Details

Version: 0.2
Check: DESCRIPTION meta-information
Result: NOTE
    Malformed Description field: should contain one or more complete sentences.
Flavors: r-devel-linux-x86_64-debian-clang, r-devel-linux-x86_64-debian-gcc, r-devel-linux-x86_64-fedora-clang, r-devel-linux-x86_64-fedora-gcc, r-devel-windows-ix86+x86_64, r-devel-windows-ix86+x86_64-gcc8, r-patched-linux-x86_64, r-patched-solaris-x86, r-release-linux-x86_64, r-release-windows-ix86+x86_64, r-release-osx-x86_64, r-oldrel-windows-ix86+x86_64, r-oldrel-osx-x86_64

Version: 0.2
Check: R code for possible problems
Result: NOTE
    Bundesliga.Mannschaft: no visible global function definition for 'data'
    Bundesliga.Mannschaft: no visible binding for global variable
     'Bundesliga'
    Bundesliga.Tabelle: no visible global function definition for 'data'
    Bundesliga.Tabelle: no visible binding for global variable 'Bundesliga'
    Bundesliga.XML: no visible global function definition for 'data'
    Bundesliga.XML: no visible binding for global variable 'Bundesliga'
    sens.spec: no visible global function definition for 'na.omit'
    Undefined global functions or variables:
     Bundesliga data na.omit
    Consider adding
     importFrom("stats", "na.omit")
     importFrom("utils", "data")
    to your NAMESPACE file.
    
    Found the following calls to data() loading into the global environment:
    File 'wikibooks/R/Bundesliga.Mannschaft.R':
     data(Bundesliga)
    File 'wikibooks/R/Bundesliga.Tabelle.R':
     data(Bundesliga)
    File 'wikibooks/R/Bundesliga.XML.R':
     data(Bundesliga)
    See section 'Good practice' in '?data'.
Flavors: r-devel-linux-x86_64-debian-clang, r-devel-linux-x86_64-debian-gcc, r-devel-linux-x86_64-fedora-clang, r-patched-linux-x86_64, r-release-linux-x86_64

Version: 0.2
Check: for non-standard things in the check directory
Result: NOTE
    Found the following files/directories:
     'Bundesliga.xml' 'myfile.xml'
Flavors: r-devel-linux-x86_64-debian-clang, r-devel-linux-x86_64-debian-gcc, r-devel-linux-x86_64-fedora-clang, r-devel-linux-x86_64-fedora-gcc

Version: 0.2
Check: R code for possible problems
Result: NOTE
    Bundesliga.Mannschaft: no visible global function definition for ‘data’
    Bundesliga.Mannschaft: no visible binding for global variable
     ‘Bundesliga’
    Bundesliga.Tabelle: no visible global function definition for ‘data’
    Bundesliga.Tabelle: no visible binding for global variable ‘Bundesliga’
    Bundesliga.XML: no visible global function definition for ‘data’
    Bundesliga.XML: no visible binding for global variable ‘Bundesliga’
    sens.spec: no visible global function definition for ‘na.omit’
    Undefined global functions or variables:
     Bundesliga data na.omit
    Consider adding
     importFrom("stats", "na.omit")
     importFrom("utils", "data")
    to your NAMESPACE file.
Flavors: r-devel-linux-x86_64-fedora-gcc, r-devel-windows-ix86+x86_64, r-devel-windows-ix86+x86_64-gcc8, r-patched-solaris-x86, r-release-windows-ix86+x86_64, r-release-osx-x86_64, r-oldrel-windows-ix86+x86_64, r-oldrel-osx-x86_64