CRAN Package Check Results for Package withr

Last updated on 2019-12-06 13:48:56 CET.

Flavor Version Tinstall Tcheck Ttotal Status Flags
r-devel-linux-x86_64-debian-clang 2.1.2 2.21 32.80 35.01 NOTE
r-devel-linux-x86_64-debian-gcc 2.1.2 1.94 25.36 27.30 NOTE
r-devel-linux-x86_64-fedora-clang 2.1.2 46.19 NOTE
r-devel-linux-x86_64-fedora-gcc 2.1.2 43.96 NOTE
r-devel-windows-ix86+x86_64 2.1.2 9.00 64.00 73.00 OK
r-devel-windows-ix86+x86_64-gcc8 2.1.2 7.00 48.00 55.00 OK
r-patched-linux-x86_64 2.1.2 1.69 30.31 32.00 OK
r-patched-solaris-x86 2.1.2 56.70 OK
r-release-linux-x86_64 2.1.2 2.12 30.24 32.36 OK
r-release-windows-ix86+x86_64 2.1.2 11.00 43.00 54.00 OK
r-release-osx-x86_64 2.1.2 OK
r-oldrel-windows-ix86+x86_64 2.1.2 5.00 44.00 49.00 OK
r-oldrel-osx-x86_64 2.1.2 OK

Check Details

Version: 2.1.2
Check: for non-standard things in the check directory
Result: NOTE
    Found the following files/directories:
     'foo'
Flavors: r-devel-linux-x86_64-debian-clang, r-devel-linux-x86_64-debian-gcc, r-devel-linux-x86_64-fedora-clang, r-devel-linux-x86_64-fedora-gcc