Last updated on 2021-03-07 06:48:21 CET.
Flavor | Version | Tinstall | Tcheck | Ttotal | Status | Flags |
---|---|---|---|---|---|---|
r-devel-linux-x86_64-debian-clang | 0.2.1 | 4.75 | 75.64 | 80.39 | OK | |
r-devel-linux-x86_64-debian-gcc | 0.2.1 | 4.07 | 57.35 | 61.42 | OK | |
r-devel-linux-x86_64-fedora-clang | 0.2.1 | 102.14 | NOTE | |||
r-devel-linux-x86_64-fedora-gcc | 0.2.1 | 93.20 | OK | |||
r-devel-windows-ix86+x86_64 | 0.2.1 | 12.00 | 97.00 | 109.00 | OK | |
r-devel-windows-x86_64-gcc10-UCRT | 0.2.1 | OK | ||||
r-patched-linux-x86_64 | 0.2.1 | 4.57 | 71.84 | 76.41 | OK | |
r-patched-solaris-x86 | 0.2.1 | 156.40 | OK | |||
r-release-linux-x86_64 | 0.2.1 | 5.14 | 70.57 | 75.71 | OK | |
r-release-macos-x86_64 | 0.2.1 | OK | ||||
r-release-windows-ix86+x86_64 | 0.2.1 | 12.00 | 75.00 | 87.00 | OK | |
r-oldrel-macos-x86_64 | 0.2.1 | OK | ||||
r-oldrel-windows-ix86+x86_64 | 0.2.1 | 8.00 | 70.00 | 78.00 | OK |
Version: 0.2.1
Check: Rd cross-references
Result: NOTE
Undeclared package ‘tibble’ in Rd xrefs
Flavor: r-devel-linux-x86_64-fedora-clang