Last updated on 2019-12-07 13:47:38 CET.
Flavor | Version | Tinstall | Tcheck | Ttotal | Status | Flags |
---|---|---|---|---|---|---|
r-devel-linux-x86_64-debian-clang | 1.1-2 | 3.17 | 38.57 | 41.74 | OK | |
r-devel-linux-x86_64-debian-gcc | 1.1-2 | 2.25 | 31.28 | 33.53 | OK | |
r-devel-linux-x86_64-fedora-clang | 1.1-2 | 50.18 | NOTE | |||
r-devel-linux-x86_64-fedora-gcc | 1.1-2 | 49.20 | OK | |||
r-devel-windows-ix86+x86_64 | 1.1-2 | 10.00 | 89.00 | 99.00 | NOTE | |
r-devel-windows-ix86+x86_64-gcc8 | 1.1-2 | 10.00 | 58.00 | 68.00 | NOTE | |
r-patched-linux-x86_64 | 1.1-2 | 2.31 | 35.67 | 37.98 | OK | |
r-patched-solaris-x86 | 1.1-2 | 77.40 | NOTE | |||
r-release-linux-x86_64 | 1.1-2 | 2.60 | 35.87 | 38.47 | OK | |
r-release-windows-ix86+x86_64 | 1.1-2 | 11.00 | 54.00 | 65.00 | NOTE | |
r-release-osx-x86_64 | 1.1-2 | NOTE | ||||
r-oldrel-windows-ix86+x86_64 | 1.1-2 | 5.00 | 33.00 | 38.00 | NOTE | |
r-oldrel-osx-x86_64 | 1.1-2 | NOTE |
Version: 1.1-2
Check: installed package size
Result: NOTE
installed size is 11.4Mb
sub-directories of 1Mb or more:
data 11.2Mb
Flavors: r-devel-linux-x86_64-fedora-clang, r-devel-windows-ix86+x86_64, r-devel-windows-ix86+x86_64-gcc8, r-patched-solaris-x86, r-release-windows-ix86+x86_64, r-release-osx-x86_64, r-oldrel-windows-ix86+x86_64, r-oldrel-osx-x86_64