CRAN Package Check Results for Package wpp2015

Last updated on 2020-07-07 13:51:04 CEST.

Flavor Version Tinstall Tcheck Ttotal Status Flags
r-devel-linux-x86_64-debian-clang 1.1-2 3.16 38.50 41.66 OK
r-devel-linux-x86_64-debian-gcc 1.1-2 2.31 31.17 33.48 OK
r-devel-linux-x86_64-fedora-clang 1.1-2 58.20 NOTE
r-devel-linux-x86_64-fedora-gcc 1.1-2 49.43 OK
r-devel-windows-ix86+x86_64 1.1-2 9.00 61.00 70.00 NOTE
r-patched-linux-x86_64 1.1-2 3.64 38.73 42.37 OK
r-patched-solaris-x86 1.1-2 82.00 NOTE
r-release-linux-x86_64 1.1-2 2.62 39.04 41.66 OK
r-release-osx-x86_64 1.1-2 NOTE
r-release-windows-ix86+x86_64 1.1-2 8.00 56.00 64.00 NOTE
r-oldrel-osx-x86_64 1.1-2 NOTE
r-oldrel-windows-ix86+x86_64 1.1-2 8.00 74.00 82.00 NOTE

Check Details

Version: 1.1-2
Check: installed package size
Result: NOTE
     installed size is 11.4Mb
     sub-directories of 1Mb or more:
     data 11.2Mb
Flavors: r-devel-linux-x86_64-fedora-clang, r-devel-windows-ix86+x86_64, r-patched-solaris-x86, r-release-osx-x86_64, r-release-windows-ix86+x86_64, r-oldrel-osx-x86_64, r-oldrel-windows-ix86+x86_64