CRAN Package Check Results for Package writexl

Last updated on 2019-12-12 13:47:43 CET.

Flavor Version Tinstall Tcheck Ttotal Status Flags
r-devel-linux-x86_64-debian-clang 1.2 13.96 49.12 63.08 OK
r-devel-linux-x86_64-debian-gcc 1.2 9.24 39.52 48.76 OK
r-devel-linux-x86_64-fedora-clang 1.2 78.45 OK
r-devel-linux-x86_64-fedora-gcc 1.2 77.46 OK
r-devel-windows-ix86+x86_64 1.2 47.00 103.00 150.00 ERROR
r-devel-windows-ix86+x86_64-gcc8 1.2 37.00 152.00 189.00 OK
r-patched-linux-x86_64 1.2 10.11 46.79 56.90 OK
r-patched-solaris-x86 1.2 112.90 OK
r-release-linux-x86_64 1.2 10.07 46.23 56.30 OK
r-release-windows-ix86+x86_64 1.2 44.00 120.00 164.00 OK
r-release-osx-x86_64 1.2 OK
r-oldrel-windows-ix86+x86_64 1.2 34.00 161.00 195.00 OK
r-oldrel-osx-x86_64 1.2 OK

Check Details

Version: 1.2
Check: running tests for arch ‘i386’
Result: ERROR
     Running 'spelling.R' [0s]
     Running 'testthat.R' [0s]
Flavor: r-devel-windows-ix86+x86_64