CRAN Package Check Results for Package wsyn

Last updated on 2021-04-13 06:47:08 CEST.

Flavor Version Tinstall Tcheck Ttotal Status Flags
r-devel-linux-x86_64-debian-clang 1.0.3 11.56 284.31 295.87 NOTE
r-devel-linux-x86_64-debian-gcc 1.0.3 10.34 211.63 221.97 NOTE
r-devel-linux-x86_64-fedora-clang 1.0.3 362.00 NOTE
r-devel-linux-x86_64-fedora-gcc 1.0.3 354.11 NOTE
r-devel-windows-ix86+x86_64 1.0.3 19.00 392.00 411.00 NOTE
r-devel-windows-x86_64-gcc10-UCRT 1.0.3 NOTE
r-patched-linux-x86_64 1.0.3 10.97 290.39 301.36 OK
r-patched-solaris-x86 1.0.3 677.90 OK
r-release-linux-x86_64 1.0.3 11.06 290.05 301.11 OK
r-release-macos-x86_64 1.0.3 OK
r-release-windows-ix86+x86_64 1.0.3 14.00 388.00 402.00 OK
r-oldrel-macos-x86_64 1.0.3 OK
r-oldrel-windows-ix86+x86_64 1.0.3 17.00 328.00 345.00 OK

Check Details

Version: 1.0.3
Check: LazyData
Result: NOTE
     'LazyData' is specified without a 'data' directory
Flavors: r-devel-linux-x86_64-debian-clang, r-devel-linux-x86_64-debian-gcc, r-devel-linux-x86_64-fedora-clang, r-devel-linux-x86_64-fedora-gcc, r-devel-windows-ix86+x86_64, r-devel-windows-x86_64-gcc10-UCRT