Last updated on 2019-12-07 13:47:38 CET.
Flavor | Version | Tinstall | Tcheck | Ttotal | Status | Flags |
---|---|---|---|---|---|---|
r-devel-linux-x86_64-debian-clang | 1.1.7 | 6.24 | 72.13 | 78.37 | OK | |
r-devel-linux-x86_64-debian-gcc | 1.1.7 | 4.61 | 56.04 | 60.65 | OK | |
r-devel-linux-x86_64-fedora-clang | 1.1.7 | 88.66 | NOTE | |||
r-devel-linux-x86_64-fedora-gcc | 1.1.7 | 86.98 | NOTE | |||
r-devel-windows-ix86+x86_64 | 1.1.7 | 14.00 | 94.00 | 108.00 | OK | |
r-devel-windows-ix86+x86_64-gcc8 | 1.1.7 | 13.00 | 70.00 | 83.00 | OK | |
r-patched-linux-x86_64 | 1.1.7 | 5.40 | 64.86 | 70.26 | OK | |
r-patched-solaris-x86 | 1.1.7 | 97.00 | NOTE | |||
r-release-linux-x86_64 | 1.1.7 | 4.92 | 64.91 | 69.83 | OK | |
r-release-windows-ix86+x86_64 | 1.1.7 | 10.00 | 70.00 | 80.00 | OK | |
r-release-osx-x86_64 | 1.1.7 | NOTE | ||||
r-oldrel-windows-ix86+x86_64 | 1.1.7 | 6.00 | 66.00 | 72.00 | OK | |
r-oldrel-osx-x86_64 | 1.1.7 | NOTE |
Version: 1.1.7
Check: dependencies in R code
Result: NOTE
Namespace in Imports field not imported from: ‘lubridate’
All declared Imports should be used.
Flavors: r-devel-linux-x86_64-fedora-clang, r-devel-linux-x86_64-fedora-gcc, r-patched-solaris-x86, r-release-osx-x86_64, r-oldrel-osx-x86_64