Last updated on 2021-04-11 06:47:18 CEST.
Flavor | Version | Tinstall | Tcheck | Ttotal | Status | Flags |
---|---|---|---|---|---|---|
r-devel-linux-x86_64-debian-clang | 0.22 | 5.35 | 43.50 | 48.85 | NOTE | |
r-devel-linux-x86_64-debian-gcc | 0.22 | 4.23 | 33.15 | 37.38 | NOTE | |
r-devel-linux-x86_64-fedora-clang | 0.22 | 66.67 | NOTE | |||
r-devel-linux-x86_64-fedora-gcc | 0.22 | 66.58 | NOTE | |||
r-devel-windows-ix86+x86_64 | 0.22 | 13.00 | 82.00 | 95.00 | NOTE | |
r-devel-windows-x86_64-gcc10-UCRT | 0.22 | NOTE | ||||
r-patched-linux-x86_64 | 0.22 | 6.07 | 41.05 | 47.12 | OK | |
r-patched-solaris-x86 | 0.22 | 85.10 | OK | |||
r-release-linux-x86_64 | 0.22 | 4.97 | 40.78 | 45.75 | OK | |
r-release-macos-x86_64 | 0.22 | OK | ||||
r-release-windows-ix86+x86_64 | 0.22 | 12.00 | 100.00 | 112.00 | OK | |
r-oldrel-macos-x86_64 | 0.22 | OK | ||||
r-oldrel-windows-ix86+x86_64 | 0.22 | 13.00 | 96.00 | 109.00 | OK |
Version: 0.22
Check: LazyData
Result: NOTE
'LazyData' is specified without a 'data' directory
Flavors: r-devel-linux-x86_64-debian-clang, r-devel-linux-x86_64-debian-gcc, r-devel-linux-x86_64-fedora-clang, r-devel-linux-x86_64-fedora-gcc, r-devel-windows-ix86+x86_64, r-devel-windows-x86_64-gcc10-UCRT