CRAN Package Check Results for Package xtable

Last updated on 2020-07-10 11:47:58 CEST.

Flavor Version Tinstall Tcheck Ttotal Status Flags
r-devel-linux-x86_64-debian-clang 1.8-4 3.05 56.16 59.21 NOTE
r-devel-linux-x86_64-debian-gcc 1.8-4 2.79 44.42 47.21 NOTE
r-devel-linux-x86_64-fedora-clang 1.8-4 82.53 NOTE
r-devel-linux-x86_64-fedora-gcc 1.8-4 74.31 NOTE
r-devel-windows-ix86+x86_64 1.8-4 17.00 96.00 113.00 OK
r-patched-linux-x86_64 1.8-4 2.71 55.64 58.35 NOTE
r-patched-solaris-x86 1.8-4 104.00 NOTE
r-release-linux-x86_64 1.8-4 2.47 56.25 58.72 NOTE
r-release-osx-x86_64 1.8-4 OK
r-release-windows-ix86+x86_64 1.8-4 8.00 121.00 129.00 OK
r-oldrel-osx-x86_64 1.8-4 OK
r-oldrel-windows-ix86+x86_64 1.8-4 12.00 83.00 95.00 OK

Check Details

Version: 1.8-4
Check: for non-standard things in the check directory
Result: NOTE
    Found the following files/directories:
     'xtable.html' 'xtable.tex'
Flavors: r-devel-linux-x86_64-debian-clang, r-devel-linux-x86_64-debian-gcc, r-devel-linux-x86_64-fedora-clang, r-devel-linux-x86_64-fedora-gcc, r-patched-linux-x86_64, r-patched-solaris-x86, r-release-linux-x86_64