CRAN Package Check Results for Package yuimaGUI

Last updated on 2019-11-17 13:46:48 CET.

Flavor Version Tinstall Tcheck Ttotal Status Flags
r-devel-linux-x86_64-debian-clang 1.3.0 12.00 86.67 98.67 OK
r-devel-linux-x86_64-debian-gcc 1.3.0 9.63 65.29 74.92 OK
r-devel-linux-x86_64-fedora-clang 1.3.0 113.92 NOTE
r-devel-linux-x86_64-fedora-gcc 1.3.0 98.40 NOTE
r-devel-windows-ix86+x86_64 1.3.0 43.00 133.00 176.00 OK
r-patched-linux-x86_64 1.3.0 11.36 79.01 90.37 OK
r-patched-solaris-x86 1.3.0 173.00 NOTE
r-release-linux-x86_64 1.3.0 11.46 79.55 91.01 OK
r-release-windows-ix86+x86_64 1.3.0 23.00 163.00 186.00 OK
r-release-osx-x86_64 1.3.0 NOTE
r-oldrel-windows-ix86+x86_64 1.3.0 11.00 128.00 139.00 OK
r-oldrel-osx-x86_64 1.3.0 NOTE

Check Details

Version: 1.3.0
Check: dependencies in R code
Result: NOTE
    Namespace in Imports field not imported from: ‘ghyp’
     All declared Imports should be used.
Flavors: r-devel-linux-x86_64-fedora-clang, r-devel-linux-x86_64-fedora-gcc, r-patched-solaris-x86, r-release-osx-x86_64, r-oldrel-osx-x86_64