CRAN Package Check Results for Package yuimaGUI

Last updated on 2020-10-01 13:49:28 CEST.

Flavor Version Tinstall Tcheck Ttotal Status Flags
r-devel-linux-x86_64-debian-clang 1.3.0 12.71 99.02 111.73 OK
r-devel-linux-x86_64-debian-gcc 1.3.0 9.61 76.46 86.07 OK
r-devel-linux-x86_64-fedora-clang 1.3.0 150.70 NOTE
r-devel-linux-x86_64-fedora-gcc 1.3.0 131.08 NOTE
r-devel-windows-ix86+x86_64 1.3.0 29.00 91.00 120.00 OK
r-patched-linux-x86_64 1.3.0 9.54 90.12 99.66 OK
r-patched-solaris-x86 1.3.0 187.20 NOTE
r-release-linux-x86_64 1.3.0 11.51 93.08 104.59 OK
r-release-macos-x86_64 1.3.0 NOTE
r-release-windows-ix86+x86_64 1.3.0 27.00 117.00 144.00 OK
r-oldrel-macos-x86_64 1.3.0 NOTE
r-oldrel-windows-ix86+x86_64 1.3.0 27.00 111.00 138.00 OK

Check Details

Version: 1.3.0
Check: dependencies in R code
Result: NOTE
    Namespace in Imports field not imported from: ‘ghyp’
     All declared Imports should be used.
Flavors: r-devel-linux-x86_64-fedora-clang, r-devel-linux-x86_64-fedora-gcc, r-patched-solaris-x86, r-release-macos-x86_64, r-oldrel-macos-x86_64