CRAN Package Check Results for Package zip

Last updated on 2019-11-12 13:46:32 CET.

Flavor Version Tinstall Tcheck Ttotal Status Flags
r-devel-linux-x86_64-debian-clang 2.0.4 16.31 21.13 37.44 OK
r-devel-linux-x86_64-debian-gcc 2.0.4 11.71 16.88 28.59 OK
r-devel-linux-x86_64-fedora-clang 2.0.4 51.94 OK
r-devel-linux-x86_64-fedora-gcc 2.0.4 47.12 OK
r-devel-windows-ix86+x86_64 2.0.4 48.00 49.00 97.00 ERROR
r-patched-linux-x86_64 2.0.4 13.80 20.62 34.42 OK
r-patched-solaris-x86 2.0.4 64.60 OK
r-release-linux-x86_64 2.0.4 13.36 20.63 33.99 OK
r-release-windows-ix86+x86_64 2.0.4 72.00 76.00 148.00 OK
r-release-osx-x86_64 2.0.4 OK
r-oldrel-windows-ix86+x86_64 2.0.4 45.00 57.00 102.00 OK
r-oldrel-osx-x86_64 2.0.4 OK

Check Details

Version: 2.0.4
Check: running tests for arch ‘i386’
Result: ERROR
     Running 'testthat.R' [4s]
    Running the tests in 'tests/testthat.R' failed.
    Complete output:
     > library(testthat)
     > library(zip)
    
     Attaching package: 'zip'
    
     The following objects are masked from 'package:utils':
    
     unzip, zip
    
     >
     > test_check("zip")
     -- 1. Failure: can omit directories (@test-zip-process.R#24) ------------------
     p$get_exit_status() not equal to 0L.
     1/1 mismatches
     [1] 10 - 0 == 10
    
     -- 2. Error: can omit directories (@test-zip-process.R#25) --------------------
     Cannot open zip file `D:\temp\RtmpW8rtrR\test-file-2a59442d66971.zip`
     Backtrace:
     1. testthat::expect_equal(zip_list(z$zip), zip_list(zip2))
     4. zip::zip_list(zip2)
    
     == testthat results ===========================================================
     [ OK: 218 | SKIPPED: 5 | WARNINGS: 0 | FAILED: 2 ]
     1. Failure: can omit directories (@test-zip-process.R#24)
     2. Error: can omit directories (@test-zip-process.R#25)
    
     Error: testthat unit tests failed
     Execution halted
Flavor: r-devel-windows-ix86+x86_64