CRAN Package Check Results for Package zoom

Last updated on 2019-11-21 08:50:00 CET.

Flavor Version Tinstall Tcheck Ttotal Status Flags
r-devel-linux-x86_64-debian-clang 2.0.4 2.43 20.05 22.48 NOTE
r-devel-linux-x86_64-debian-gcc 2.0.4 1.99 16.65 18.64 NOTE
r-devel-linux-x86_64-fedora-clang 2.0.4 27.25 NOTE
r-devel-linux-x86_64-fedora-gcc 2.0.4 26.51 NOTE
r-devel-windows-ix86+x86_64 2.0.4 9.00 43.00 52.00 NOTE
r-devel-windows-ix86+x86_64-gcc8 2.0.4 6.00 35.00 41.00 NOTE
r-patched-linux-x86_64 2.0.4 1.91 19.09 21.00 NOTE
r-patched-solaris-x86 2.0.4 40.40 NOTE
r-release-linux-x86_64 2.0.4 2.05 19.33 21.38 NOTE
r-release-windows-ix86+x86_64 2.0.4 8.00 47.00 55.00 NOTE
r-release-osx-x86_64 2.0.4 NOTE
r-oldrel-windows-ix86+x86_64 2.0.4 4.00 46.00 50.00 NOTE
r-oldrel-osx-x86_64 2.0.4 NOTE

Check Details

Version: 2.0.4
Check: DESCRIPTION meta-information
Result: NOTE
    Malformed Description field: should contain one or more complete sentences.
Flavors: r-devel-linux-x86_64-debian-clang, r-devel-linux-x86_64-debian-gcc, r-devel-linux-x86_64-fedora-clang, r-devel-linux-x86_64-fedora-gcc, r-devel-windows-ix86+x86_64, r-devel-windows-ix86+x86_64-gcc8, r-patched-linux-x86_64, r-patched-solaris-x86, r-release-linux-x86_64, r-release-windows-ix86+x86_64, r-release-osx-x86_64, r-oldrel-windows-ix86+x86_64, r-oldrel-osx-x86_64

Version: 2.0.4
Check: R code for possible problems
Result: NOTE
    .xlim: no visible global function definition for 'par'
    .ylim: no visible global function definition for 'par'
    getalst: no visible global function definition for 'recordPlot'
    in.zoom: no visible global function definition for 'locator'
    inout.zoom: no visible global function definition for 'locator'
    is.locator: no visible global function definition for 'sessionInfo'
    is.out.of.plot.click: no visible global function definition for 'par'
    is.plot.window: no visible global function definition for 'sessionInfo'
    move.to.click.zoom: no visible global function definition for 'locator'
    navigation.zoom: no visible global function definition for 'dev.cur'
    navigation.zoom: no visible global function definition for
     'getGraphicsEvent'
    navigation.zoom: no visible global function definition for 'recordPlot'
    orig.zoom: no visible global function definition for 'replayPlot'
    other.option.session.message: no visible global function definition for
     'dev.cur'
    out.zoom: no visible global function definition for 'locator'
    pdf.zoom: no visible binding for global variable 'pdf'
    png.zoom: no visible global function definition for 'dev.size'
    png.zoom: no visible binding for global variable 'png'
    print.zoom: no visible binding for global variable 'pdf'
    print.zoom: no visible global function definition for 'dev.print'
    print.zoom: no visible global function definition for 'dev.size'
    replot: no visible global function definition for 'recordPlot'
    replot: no visible global function definition for 'dev.cur'
    replot: no visible global function definition for 'replayPlot'
    replot: no visible global function definition for 'dev.off'
    session.zoom: no visible global function definition for 'recordPlot'
    setCallBack: no visible global function definition for 'recordPlot'
    setCallBack : dragmousemove: no visible global function definition for
     'grconvertX'
    setCallBack : dragmousemove: no visible global function definition for
     'grconvertY'
    setCallBack : zoomDyn: no visible global function definition for 'par'
    setCallBack : zoomDyn: no visible global function definition for
     'grconvertY'
    setCallBack : zoomDyn: no visible global function definition for
     'grconvertX'
    setCallBack : mouseDownNavig: no visible global function definition for
     'par'
    setCallBack : keydown: no visible global function definition for
     'setGraphicsEventEnv'
    setCallBack: no visible global function definition for
     'setGraphicsEventHandlers'
    setCallBack: no visible global function definition for
     'getGraphicsEventEnv'
    setCallBack : devset: no visible global function definition for
     'dev.cur'
    setCallBack : devset: no visible global function definition for
     'dev.set'
    sq.zoom: no visible global function definition for 'locator'
    zoomplot.zoom: no visible global function definition for 'recordPlot'
    zoomplot.zoom: no visible global function definition for 'box'
    Undefined global functions or variables:
     box dev.cur dev.off dev.print dev.set dev.size getGraphicsEvent
     getGraphicsEventEnv grconvertX grconvertY locator par pdf png
     recordPlot replayPlot sessionInfo setGraphicsEventEnv
     setGraphicsEventHandlers
    Consider adding
     importFrom("grDevices", "dev.cur", "dev.off", "dev.print", "dev.set",
     "dev.size", "getGraphicsEvent", "getGraphicsEventEnv",
     "pdf", "png", "recordPlot", "replayPlot",
     "setGraphicsEventEnv", "setGraphicsEventHandlers")
     importFrom("graphics", "box", "grconvertX", "grconvertY", "locator",
     "par")
     importFrom("utils", "sessionInfo")
    to your NAMESPACE file.
Flavors: r-devel-linux-x86_64-debian-clang, r-devel-linux-x86_64-debian-gcc, r-devel-linux-x86_64-fedora-clang, r-devel-linux-x86_64-fedora-gcc, r-devel-windows-ix86+x86_64, r-devel-windows-ix86+x86_64-gcc8, r-patched-linux-x86_64, r-patched-solaris-x86, r-release-linux-x86_64, r-release-windows-ix86+x86_64, r-release-osx-x86_64, r-oldrel-windows-ix86+x86_64, r-oldrel-osx-x86_64