Last updated on 2021-01-15 07:51:03 CET.
Flavor | Version | Tinstall | Tcheck | Ttotal | Status | Flags |
---|---|---|---|---|---|---|
r-devel-linux-x86_64-debian-clang | 0.1.1 | 48.40 | 73.29 | 121.69 | OK | |
r-devel-linux-x86_64-debian-gcc | 0.1.1 | 38.44 | 65.47 | 103.91 | OK | |
r-devel-linux-x86_64-fedora-clang | 0.1.1 | 199.20 | NOTE | |||
r-devel-linux-x86_64-fedora-gcc | 0.1.1 | 154.79 | OK | |||
r-devel-windows-ix86+x86_64 | 0.1.1 | 123.00 | 170.00 | 293.00 | OK | |
r-patched-linux-x86_64 | 0.1.1 | 43.22 | 68.66 | 111.88 | OK | |
r-patched-solaris-x86 | 0.1.1 | 219.00 | OK | |||
r-release-linux-x86_64 | 0.1.1 | 43.20 | 70.29 | 113.49 | OK | |
r-release-macos-x86_64 | 0.1.1 | NOTE | ||||
r-release-windows-ix86+x86_64 | 0.1.1 | 99.00 | 139.00 | 238.00 | OK | |
r-oldrel-macos-x86_64 | 0.1.1 | NOTE | ||||
r-oldrel-windows-ix86+x86_64 | 0.1.1 | 79.00 | 119.00 | 198.00 | OK |
Version: 0.1.1
Check: installed package size
Result: NOTE
installed size is 7.4Mb
sub-directories of 1Mb or more:
libs 7.1Mb
Flavors: r-devel-linux-x86_64-fedora-clang, r-release-macos-x86_64, r-oldrel-macos-x86_64