CRAN Package Check Results for Package ADGofTest

Last updated on 2021-10-22 12:59:05 CEST.

Flavor Version Tinstall Tcheck Ttotal Status Flags
r-devel-linux-x86_64-debian-clang 0.3 2.06 11.02 13.08 NOTE
r-devel-linux-x86_64-debian-gcc 0.3 1.53 13.97 15.50 NOTE
r-devel-linux-x86_64-fedora-clang 0.3 35.43 NOTE
r-devel-linux-x86_64-fedora-gcc 0.3 24.94 NOTE
r-devel-windows-x86_64 0.3 3.00 33.00 36.00 NOTE
r-devel-windows-x86_64-gcc10-UCRT 0.3 NOTE
r-patched-linux-x86_64 0.3 1.97 11.24 13.21 NOTE
r-patched-solaris-x86 0.3 39.00 NOTE
r-release-linux-x86_64 0.3 1.90 11.11 13.01 NOTE
r-release-macos-arm64 0.3 NOTE
r-release-macos-x86_64 0.3 NOTE
r-release-windows-ix86+x86_64 0.3 5.00 32.00 37.00 NOTE
r-oldrel-macos-x86_64 0.3 NOTE
r-oldrel-windows-ix86+x86_64 0.3 4.00 30.00 34.00 NOTE

Check Details

Version: 0.3
Check: DESCRIPTION meta-information
Result: NOTE
    Malformed Description field: should contain one or more complete sentences.
Flavors: r-devel-linux-x86_64-debian-clang, r-devel-linux-x86_64-debian-gcc, r-devel-linux-x86_64-fedora-clang, r-devel-linux-x86_64-fedora-gcc, r-devel-windows-x86_64, r-devel-windows-x86_64-gcc10-UCRT, r-patched-linux-x86_64, r-patched-solaris-x86, r-release-linux-x86_64, r-release-macos-arm64, r-release-macos-x86_64, r-release-windows-ix86+x86_64, r-oldrel-macos-x86_64, r-oldrel-windows-ix86+x86_64