CRAN Package Check Results for Package ADMMnet

Last updated on 2021-09-24 06:48:19 CEST.

Flavor Version Tinstall Tcheck Ttotal Status Flags
r-devel-linux-x86_64-debian-clang 0.1.1 47.08 69.94 117.02 OK
r-devel-linux-x86_64-debian-gcc 0.1.1 31.94 53.79 85.73 OK
r-devel-linux-x86_64-fedora-clang 0.1.1 161.73 NOTE
r-devel-linux-x86_64-fedora-gcc 0.1.1 141.25 NOTE
r-devel-windows-x86_64 0.1.1 38.00 72.00 110.00 OK
r-devel-windows-x86_64-gcc10-UCRT 0.1.1 OK
r-patched-linux-x86_64 0.1.1 37.81 67.09 104.90 OK
r-patched-solaris-x86 0.1.1 164.50 OK
r-release-linux-x86_64 0.1.1 37.26 69.41 106.67 OK
r-release-macos-arm64 0.1.1 NOTE
r-release-macos-x86_64 0.1.1 NOTE
r-release-windows-ix86+x86_64 0.1.1 92.00 126.00 218.00 OK
r-oldrel-macos-x86_64 0.1.1 NOTE
r-oldrel-windows-ix86+x86_64 0.1.1 69.00 93.00 162.00 OK

Check Details

Version: 0.1.1
Check: installed package size
Result: NOTE
     installed size is 5.7Mb
     sub-directories of 1Mb or more:
     libs 5.5Mb
Flavors: r-devel-linux-x86_64-fedora-clang, r-release-macos-arm64, r-release-macos-x86_64, r-oldrel-macos-x86_64

Version: 0.1.1
Check: compiled code
Result: NOTE
    File ‘ADMMnet/libs/ADMMnet.so’:
     Found no calls to: ‘R_registerRoutines’, ‘R_useDynamicSymbols’
    
    It is good practice to register native routines and to disable symbol
    search.
    
    See ‘Writing portable packages’ in the ‘Writing R Extensions’ manual.
Flavors: r-devel-linux-x86_64-fedora-clang, r-devel-linux-x86_64-fedora-gcc