CRAN Package Check Results for Package AHSurv

Last updated on 2024-02-26 01:49:47 CET.

Flavor Version Tinstall Tcheck Ttotal Status Flags
r-devel-linux-x86_64-debian-clang 0.1.0 14.63 109.48 124.11 NOTE
r-devel-linux-x86_64-debian-gcc 0.1.0 11.21 82.68 93.89 NOTE
r-devel-linux-x86_64-fedora-clang 0.1.0 159.59 NOTE
r-devel-linux-x86_64-fedora-gcc 0.1.0 148.76 NOTE
r-devel-windows-x86_64 0.1.0 11.00 104.00 115.00 OK
r-patched-linux-x86_64 0.1.0 11.64 109.60 121.24 OK
r-release-linux-x86_64 0.1.0 9.64 105.33 114.97 OK
r-release-macos-arm64 0.1.0 45.00 OK
r-release-macos-x86_64 0.1.0 77.00 OK
r-release-windows-x86_64 0.1.0 17.00 123.00 140.00 OK
r-oldrel-macos-arm64 0.1.0 41.00 OK
r-oldrel-windows-x86_64 0.1.0 17.00 119.00 136.00 OK

Check Details

Version: 0.1.0
Check: Rd files
Result: NOTE checkRd: (-1) AEHMLE.Rd:42-45: Lost braces 42 | \item{basehaz}{: {baseline hazard structure including baseline | ^ checkRd: (-1) AHMLE.Rd:41-43: Lost braces 41 | \item{basehaz}{: {baseline hazard structure including baseline | ^ Flavors: r-devel-linux-x86_64-debian-clang, r-devel-linux-x86_64-debian-gcc, r-devel-linux-x86_64-fedora-clang, r-devel-linux-x86_64-fedora-gcc