Last updated on 2022-08-10 01:49:03 CEST.
Flavor | Version | Tinstall | Tcheck | Ttotal | Status | Flags |
---|---|---|---|---|---|---|
r-devel-linux-x86_64-debian-clang | 2.3.4 | 544.39 | 84.19 | 628.58 | NOTE | |
r-devel-linux-x86_64-debian-gcc | 2.3.4 | 380.32 | 93.81 | 474.13 | NOTE | |
r-devel-linux-x86_64-fedora-clang | 2.3.4 | 1346.30 | NOTE | |||
r-devel-linux-x86_64-fedora-gcc | 2.3.4 | 746.55 | NOTE | |||
r-devel-windows-x86_64 | 2.3.4 | 320.00 | 139.00 | 459.00 | NOTE | |
r-patched-linux-x86_64 | 2.3.4 | 346.61 | 78.68 | 425.29 | NOTE | |
r-release-linux-x86_64 | 2.3.4 | NOTE | ||||
r-release-macos-arm64 | 2.3.4 | 229.00 | NOTE | |||
r-release-macos-x86_64 | 2.3.4 | 415.00 | NOTE | |||
r-release-windows-x86_64 | 2.3.4 | 318.00 | 141.00 | 459.00 | NOTE | |
r-oldrel-macos-arm64 | 2.3.4 | 253.00 | NOTE | |||
r-oldrel-macos-x86_64 | 2.3.4 | 351.00 | NOTE | |||
r-oldrel-windows-ix86+x86_64 | 2.3.4 | 938.00 | 156.00 | 1094.00 | NOTE |
Version: 2.3.4
Check: LazyData
Result: NOTE
'LazyData' is specified without a 'data' directory
Flavors: r-devel-linux-x86_64-debian-clang, r-devel-linux-x86_64-debian-gcc, r-devel-linux-x86_64-fedora-clang, r-devel-linux-x86_64-fedora-gcc, r-devel-windows-x86_64, r-patched-linux-x86_64, r-release-linux-x86_64, r-release-macos-arm64, r-release-macos-x86_64, r-release-windows-x86_64, r-oldrel-macos-arm64, r-oldrel-macos-x86_64, r-oldrel-windows-ix86+x86_64
Version: 2.3.4
Check: installed package size
Result: NOTE
installed size is 37.3Mb
sub-directories of 1Mb or more:
cereal 1.4Mb
libs 35.7Mb
Flavors: r-devel-linux-x86_64-fedora-clang, r-release-macos-arm64, r-release-macos-x86_64, r-oldrel-macos-arm64, r-oldrel-macos-x86_64, r-oldrel-windows-ix86+x86_64