CRAN Package Check Results for Package ARHT

Last updated on 2022-08-10 01:49:03 CEST.

Flavor Version Tinstall Tcheck Ttotal Status Flags
r-devel-linux-x86_64-debian-clang 0.1.0 2.26 33.57 35.83 NOTE
r-devel-linux-x86_64-debian-gcc 0.1.0 1.97 25.15 27.12 NOTE
r-devel-linux-x86_64-fedora-clang 0.1.0 54.52 NOTE
r-devel-linux-x86_64-fedora-gcc 0.1.0 52.94 NOTE
r-devel-windows-x86_64 0.1.0 8.00 62.00 70.00 NOTE
r-patched-linux-x86_64 0.1.0 2.62 32.09 34.71 NOTE
r-release-linux-x86_64 0.1.0 NOTE
r-release-macos-arm64 0.1.0 17.00 NOTE
r-release-macos-x86_64 0.1.0 26.00 NOTE
r-release-windows-x86_64 0.1.0 9.00 55.00 64.00 NOTE
r-oldrel-macos-arm64 0.1.0 22.00 NOTE
r-oldrel-macos-x86_64 0.1.0 34.00 NOTE
r-oldrel-windows-ix86+x86_64 0.1.0 7.00 50.00 57.00 NOTE

Check Details

Version: 0.1.0
Check: LazyData
Result: NOTE
     'LazyData' is specified without a 'data' directory
Flavors: r-devel-linux-x86_64-debian-clang, r-devel-linux-x86_64-debian-gcc, r-devel-linux-x86_64-fedora-clang, r-devel-linux-x86_64-fedora-gcc, r-devel-windows-x86_64, r-patched-linux-x86_64, r-release-linux-x86_64, r-release-macos-arm64, r-release-macos-x86_64, r-release-windows-x86_64, r-oldrel-macos-arm64, r-oldrel-macos-x86_64, r-oldrel-windows-ix86+x86_64