CRAN Package Check Results for Package AWR.Kinesis

Last updated on 2021-09-21 06:48:10 CEST.

Flavor Version Tinstall Tcheck Ttotal Status Flags
r-devel-linux-x86_64-debian-clang 1.7.3 4.60 36.72 41.32 OK
r-devel-linux-x86_64-debian-gcc 1.7.3 3.18 28.05 31.23 OK
r-devel-linux-x86_64-fedora-clang 1.7.3 56.51 OK
r-devel-linux-x86_64-fedora-gcc 1.7.3 46.04 OK
r-devel-windows-x86_64 1.7.3 5.00 44.00 49.00 ERROR
r-devel-windows-x86_64-gcc10-UCRT 1.7.3 ERROR
r-patched-linux-x86_64 1.7.3 4.25 35.98 40.23 OK
r-patched-solaris-x86 1.7.3 70.30 OK
r-release-linux-x86_64 1.7.3 3.87 35.14 39.01 OK
r-release-macos-arm64 1.7.3 OK
r-release-macos-x86_64 1.7.3 OK
r-release-windows-ix86+x86_64 1.7.3 10.00 59.00 69.00 ERROR
r-oldrel-macos-x86_64 1.7.3 OK
r-oldrel-windows-ix86+x86_64 1.7.3 9.00 43.00 52.00 ERROR

Check Details

Version: 1.7.3
Check: examples
Result: ERROR
    Running examples in 'AWR.Kinesis-Ex.R' failed
    The error occurred in:
    
    
    R Under development (unstable) (2021-09-17 r80929) -- "Unsuffered Consequences"
    Copyright (C) 2021 The R Foundation for Statistical Computing
    Platform: x86_64-w64-mingw32/x64 (64-bit)
    
    R is free software and comes with ABSOLUTELY NO WARRANTY.
    You are welcome to redistribute it under certain conditions.
    Type 'license()' or 'licence()' for distribution details.
    
     Natural language support but running in an English locale
    
    R is a collaborative project with many contributors.
    Type 'contributors()' for more information and
    'citation()' on how to cite R or R packages in publications.
    
    Type 'demo()' for some demos, 'help()' for on-line help, or
    'help.start()' for an HTML browser interface to help.
    Type 'q()' to quit R.
    
    > pkgname <- "AWR.Kinesis"
    > source(file.path(R.home("share"), "R", "examples-header.R"))
    > options(warn = 1)
    > options(pager = "console")
    > library('AWR.Kinesis')
    >
    > base::assign(".oldSearch", base::search(), pos = 'CheckExEnv')
    > base::assign(".old_wd", base::getwd(), pos = 'CheckExEnv')
    > cleanEx()
    Error: connections left open:
     stdin (file)
    Execution halted
Flavor: r-devel-windows-x86_64

Version: 1.7.3
Check: whether package can be installed
Result: WARN
    Found the following significant warnings:
     WARNING: installation-time patches will not be applied, could not get the patches index
Flavor: r-devel-windows-x86_64-gcc10-UCRT

Version: 1.7.3
Check: PDF version of manual
Result: WARN
    LaTeX errors when creating PDF version.
    This typically indicates Rd problems.
Flavor: r-devel-windows-x86_64-gcc10-UCRT

Version: 1.7.3
Check: PDF version of manual without hyperrefs or index
Result: ERROR
    Re-running with no redirection of stdout/stderr.
Flavor: r-devel-windows-x86_64-gcc10-UCRT

Version: 1.7.3
Check: examples
Result: ERROR
    Running examples in 'AWR.Kinesis-Ex.R' failed
    The error occurred in:
    
    
    R version 4.1.1 (2021-08-10) -- "Kick Things"
    Copyright (C) 2021 The R Foundation for Statistical Computing
    Platform: x86_64-w64-mingw32/x64 (64-bit)
    
    R is free software and comes with ABSOLUTELY NO WARRANTY.
    You are welcome to redistribute it under certain conditions.
    Type 'license()' or 'licence()' for distribution details.
    
     Natural language support but running in an English locale
    
    R is a collaborative project with many contributors.
    Type 'contributors()' for more information and
    'citation()' on how to cite R or R packages in publications.
    
    Type 'demo()' for some demos, 'help()' for on-line help, or
    'help.start()' for an HTML browser interface to help.
    Type 'q()' to quit R.
    
    > pkgname <- "AWR.Kinesis"
    > source(file.path(R.home("share"), "R", "examples-header.R"))
    > options(warn = 1)
    > options(pager = "console")
    > library('AWR.Kinesis')
    >
    > base::assign(".oldSearch", base::search(), pos = 'CheckExEnv')
    > base::assign(".old_wd", base::getwd(), pos = 'CheckExEnv')
    > cleanEx()
    Error: connections left open:
     stdin (file)
    Execution halted
Flavor: r-release-windows-ix86+x86_64

Version: 1.7.3
Check: examples
Result: ERROR
    Running examples in 'AWR.Kinesis-Ex.R' failed
    The error occurred in:
    
    
    R version 4.0.5 (2021-03-31) -- "Shake and Throw"
    Copyright (C) 2021 The R Foundation for Statistical Computing
    Platform: x86_64-w64-mingw32/x64 (64-bit)
    
    R is free software and comes with ABSOLUTELY NO WARRANTY.
    You are welcome to redistribute it under certain conditions.
    Type 'license()' or 'licence()' for distribution details.
    
     Natural language support but running in an English locale
    
    R is a collaborative project with many contributors.
    Type 'contributors()' for more information and
    'citation()' on how to cite R or R packages in publications.
    
    Type 'demo()' for some demos, 'help()' for on-line help, or
    'help.start()' for an HTML browser interface to help.
    Type 'q()' to quit R.
    
    > pkgname <- "AWR.Kinesis"
    > source(file.path(R.home("share"), "R", "examples-header.R"))
    > options(warn = 1)
    > options(pager = "console")
    > library('AWR.Kinesis')
    >
    > base::assign(".oldSearch", base::search(), pos = 'CheckExEnv')
    > base::assign(".old_wd", base::getwd(), pos = 'CheckExEnv')
    > cleanEx()
    Error: connections left open:
     stdin (file)
    Execution halted
Flavor: r-oldrel-windows-ix86+x86_64