CRAN Package Check Results for Package AdapEnetClass

Last updated on 2021-09-19 06:48:44 CEST.

Flavor Version Tinstall Tcheck Ttotal Status Flags
r-devel-linux-x86_64-debian-clang 1.2 11.54 86.85 98.39 OK
r-devel-linux-x86_64-debian-gcc 1.2 8.53 67.14 75.67 OK
r-devel-linux-x86_64-fedora-clang 1.2 122.80 OK
r-devel-linux-x86_64-fedora-gcc 1.2 112.31 OK
r-devel-windows-x86_64 1.2 11.00 82.00 93.00 OK
r-devel-windows-x86_64-gcc10-UCRT 1.2 ERROR
r-patched-linux-x86_64 1.2 9.99 84.28 94.27 OK
r-patched-solaris-x86 1.2 160.80 OK
r-release-linux-x86_64 1.2 10.53 82.98 93.51 OK
r-release-macos-arm64 1.2 OK
r-release-macos-x86_64 1.2 OK
r-release-windows-ix86+x86_64 1.2 21.00 110.00 131.00 OK
r-oldrel-macos-x86_64 1.2 OK
r-oldrel-windows-ix86+x86_64 1.2 22.00 81.00 103.00 OK

Additional issues

donttest

Check Details

Version: 1.2
Check: whether package can be installed
Result: WARN
    Found the following significant warnings:
     WARNING: installation-time patches will not be applied, could not get the patches index
Flavor: r-devel-windows-x86_64-gcc10-UCRT

Version: 1.2
Check: PDF version of manual
Result: WARN
    LaTeX errors when creating PDF version.
    This typically indicates Rd problems.
Flavor: r-devel-windows-x86_64-gcc10-UCRT

Version: 1.2
Check: PDF version of manual without hyperrefs or index
Result: ERROR
    Re-running with no redirection of stdout/stderr.
Flavor: r-devel-windows-x86_64-gcc10-UCRT