CRAN Package Check Results for Package AlgDesign

Last updated on 2021-09-21 06:48:08 CEST.

Flavor Version Tinstall Tcheck Ttotal Status Flags
r-devel-linux-x86_64-debian-clang 1.2.0 9.52 42.95 52.47 OK
r-devel-linux-x86_64-debian-gcc 1.2.0 5.64 33.58 39.22 OK
r-devel-linux-x86_64-fedora-clang 1.2.0 76.18 NOTE
r-devel-linux-x86_64-fedora-gcc 1.2.0 59.42 NOTE
r-devel-windows-x86_64 1.2.0 10.00 42.00 52.00 OK
r-devel-windows-x86_64-gcc10-UCRT 1.2.0 ERROR
r-patched-linux-x86_64 1.2.0 6.68 42.62 49.30 OK
r-patched-solaris-x86 1.2.0 90.70 OK
r-release-linux-x86_64 1.2.0 6.82 41.99 48.81 OK
r-release-macos-arm64 1.2.0 OK
r-release-macos-x86_64 1.2.0 OK
r-release-windows-ix86+x86_64 1.2.0 18.00 64.00 82.00 OK
r-oldrel-macos-x86_64 1.2.0 OK
r-oldrel-windows-ix86+x86_64 1.2.0 16.00 63.00 79.00 OK

Check Details

Version: 1.2.0
Check: compiled code
Result: NOTE
    File ‘AlgDesign/libs/AlgDesign.so’:
     Found no calls to: ‘R_registerRoutines’, ‘R_useDynamicSymbols’
    
    It is good practice to register native routines and to disable symbol
    search.
    
    See ‘Writing portable packages’ in the ‘Writing R Extensions’ manual.
Flavors: r-devel-linux-x86_64-fedora-clang, r-devel-linux-x86_64-fedora-gcc

Version: 1.2.0
Check: whether package can be installed
Result: ERROR
    Installation failed.
Flavor: r-devel-windows-x86_64-gcc10-UCRT