CRAN Package Check Results for Package AmericanCallOpt

Last updated on 2021-09-26 06:49:00 CEST.

Flavor Version Tinstall Tcheck Ttotal Status Flags
r-devel-linux-x86_64-debian-clang 0.95 2.46 24.22 26.68 NOTE
r-devel-linux-x86_64-debian-gcc 0.95 1.93 18.65 20.58 NOTE
r-devel-linux-x86_64-fedora-clang 0.95 39.94 NOTE
r-devel-linux-x86_64-fedora-gcc 0.95 30.22 NOTE
r-devel-windows-x86_64 0.95 3.00 26.00 29.00 NOTE
r-devel-windows-x86_64-gcc10-UCRT 0.95 NOTE
r-patched-linux-x86_64 0.95 2.53 23.39 25.92 NOTE
r-patched-solaris-x86 0.95 46.70 NOTE
r-release-linux-x86_64 0.95 2.10 23.56 25.66 NOTE
r-release-macos-arm64 0.95 NOTE
r-release-macos-x86_64 0.95 NOTE
r-release-windows-ix86+x86_64 0.95 5.00 35.00 40.00 NOTE
r-oldrel-macos-x86_64 0.95 NOTE
r-oldrel-windows-ix86+x86_64 0.95 4.00 34.00 38.00 NOTE

Check Details

Version: 0.95
Check: DESCRIPTION meta-information
Result: NOTE
    Malformed Title field: should not end in a period.
Flavors: r-devel-linux-x86_64-debian-clang, r-devel-linux-x86_64-debian-gcc, r-devel-linux-x86_64-fedora-clang, r-devel-linux-x86_64-fedora-gcc, r-devel-windows-x86_64, r-devel-windows-x86_64-gcc10-UCRT, r-patched-linux-x86_64, r-patched-solaris-x86, r-release-linux-x86_64, r-release-macos-arm64, r-release-macos-x86_64, r-release-windows-ix86+x86_64, r-oldrel-macos-x86_64, r-oldrel-windows-ix86+x86_64