CRAN Package Check Results for Package AnthropMMD

Last updated on 2021-09-19 06:48:44 CEST.

Flavor Version Tinstall Tcheck Ttotal Status Flags
r-devel-linux-x86_64-debian-clang 3.1.0 15.42 136.07 151.49 OK
r-devel-linux-x86_64-debian-gcc 3.1.0 12.69 101.36 114.05 OK
r-devel-linux-x86_64-fedora-clang 3.1.0 190.03 OK
r-devel-linux-x86_64-fedora-gcc 3.1.0 172.08 OK
r-devel-windows-x86_64 3.1.0 17.00 127.00 144.00 OK
r-devel-windows-x86_64-gcc10-UCRT 3.1.0 ERROR
r-patched-linux-x86_64 3.1.0 12.00 128.73 140.73 OK
r-patched-solaris-x86 3.1.0 258.70 OK
r-release-linux-x86_64 3.1.0 13.61 127.32 140.93 OK
r-release-macos-arm64 3.1.0 OK
r-release-macos-x86_64 3.1.0 OK
r-release-windows-ix86+x86_64 3.1.0 38.00 170.00 208.00 OK
r-oldrel-macos-x86_64 3.1.0 OK
r-oldrel-windows-ix86+x86_64 3.1.0 40.00 164.00 204.00 OK

Check Details

Version: 3.1.0
Check: whether package can be installed
Result: WARN
    Found the following significant warnings:
     WARNING: installation-time patches will not be applied, could not get the patches index
Flavor: r-devel-windows-x86_64-gcc10-UCRT

Version: 3.1.0
Check: PDF version of manual
Result: WARN
    LaTeX errors when creating PDF version.
    This typically indicates Rd problems.
Flavor: r-devel-windows-x86_64-gcc10-UCRT

Version: 3.1.0
Check: PDF version of manual without hyperrefs or index
Result: ERROR
    Re-running with no redirection of stdout/stderr.
Flavor: r-devel-windows-x86_64-gcc10-UCRT