CRAN Package Check Results for Package Arothron

Last updated on 2021-10-27 04:00:02 CEST.

Flavor Version Tinstall Tcheck Ttotal Status Flags
r-devel-linux-x86_64-debian-clang 2.0.3 12.43 109.56 121.99 OK
r-devel-linux-x86_64-debian-gcc 2.0.3 9.87 86.82 96.69 OK
r-devel-linux-x86_64-fedora-clang 2.0.3 158.80 NOTE
r-devel-linux-x86_64-fedora-gcc 2.0.3 145.39 OK
r-devel-windows-x86_64 2.0.3 20.00 107.00 127.00 NOTE
r-devel-windows-x86_64-gcc10-UCRT 2.0.3 OK
r-patched-linux-x86_64 2.0.3 13.63 108.56 122.19 OK
r-patched-solaris-x86 2.0.3 186.00 NOTE
r-release-linux-x86_64 2.0.3 11.58 108.25 119.83 OK
r-release-macos-arm64 2.0.3 NOTE
r-release-macos-x86_64 2.0.3 NOTE
r-release-windows-ix86+x86_64 2.0.3 19.00 138.00 157.00 NOTE
r-oldrel-macos-x86_64 2.0.3 NOTE
r-oldrel-windows-ix86+x86_64 2.0.3 27.00 142.00 169.00 NOTE

Check Details

Version: 2.0.3
Check: installed package size
Result: NOTE
     installed size is 5.2Mb
     sub-directories of 1Mb or more:
     data 4.9Mb
Flavors: r-devel-linux-x86_64-fedora-clang, r-devel-windows-x86_64, r-patched-solaris-x86, r-release-macos-arm64, r-release-macos-x86_64, r-release-windows-ix86+x86_64, r-oldrel-macos-x86_64, r-oldrel-windows-ix86+x86_64