Last updated on 2023-05-28 01:53:51 CEST.
Flavor | Version | Tinstall | Tcheck | Ttotal | Status | Flags |
---|---|---|---|---|---|---|
r-devel-linux-x86_64-debian-clang | 0.2.0 | 16.63 | 132.52 | 149.15 | NOTE | |
r-devel-linux-x86_64-debian-gcc | 0.2.0 | 12.62 | 97.33 | 109.95 | NOTE | |
r-devel-linux-x86_64-fedora-clang | 0.2.0 | 184.09 | NOTE | |||
r-devel-linux-x86_64-fedora-gcc | 0.2.0 | 205.59 | NOTE | |||
r-devel-windows-x86_64 | 0.2.0 | 15.00 | 103.00 | 118.00 | NOTE | |
r-patched-linux-x86_64 | 0.2.0 | 11.92 | 122.50 | 134.42 | NOTE | |
r-release-linux-x86_64 | 0.2.0 | 10.66 | 123.38 | 134.04 | NOTE | |
r-release-macos-arm64 | 0.2.0 | 50.00 | NOTE | |||
r-release-macos-x86_64 | 0.2.0 | 89.00 | NOTE | |||
r-release-windows-x86_64 | 0.2.0 | 19.00 | 125.00 | 144.00 | NOTE | |
r-oldrel-macos-arm64 | 0.2.0 | 50.00 | NOTE | |||
r-oldrel-macos-x86_64 | 0.2.0 | 84.00 | NOTE | |||
r-oldrel-windows-x86_64 | 0.2.0 | 20.00 | 134.00 | 154.00 | NOTE |
Version: 0.2.0
Check: LazyData
Result: NOTE
'LazyData' is specified without a 'data' directory
Flavors: r-devel-linux-x86_64-debian-clang, r-devel-linux-x86_64-debian-gcc, r-devel-linux-x86_64-fedora-clang, r-devel-linux-x86_64-fedora-gcc, r-devel-windows-x86_64, r-patched-linux-x86_64, r-release-linux-x86_64, r-release-macos-arm64, r-release-macos-x86_64, r-release-windows-x86_64, r-oldrel-macos-arm64, r-oldrel-macos-x86_64, r-oldrel-windows-x86_64