CRAN Package Check Results for Package AzureVision

Last updated on 2021-09-19 06:48:45 CEST.

Flavor Version Tinstall Tcheck Ttotal Status Flags
r-devel-linux-x86_64-debian-clang 1.0.2 3.73 32.49 36.22 OK
r-devel-linux-x86_64-debian-gcc 1.0.2 2.79 25.09 27.88 OK
r-devel-linux-x86_64-fedora-clang 1.0.2 51.29 OK
r-devel-linux-x86_64-fedora-gcc 1.0.2 42.43 OK
r-devel-windows-x86_64 1.0.2 5.00 41.00 46.00 OK
r-devel-windows-x86_64-gcc10-UCRT 1.0.2 ERROR
r-patched-linux-x86_64 1.0.2 3.94 31.67 35.61 OK
r-patched-solaris-x86 1.0.2 62.70 OK
r-release-linux-x86_64 1.0.2 2.65 32.14 34.79 OK
r-release-macos-arm64 1.0.2 OK
r-release-macos-x86_64 1.0.2 OK
r-release-windows-ix86+x86_64 1.0.2 7.00 49.00 56.00 OK
r-oldrel-macos-x86_64 1.0.2 OK
r-oldrel-windows-ix86+x86_64 1.0.2 8.00 48.00 56.00 OK

Check Details

Version: 1.0.2
Check: whether package can be installed
Result: WARN
    Found the following significant warnings:
     WARNING: installation-time patches will not be applied, could not get the patches index
Flavor: r-devel-windows-x86_64-gcc10-UCRT

Version: 1.0.2
Check: PDF version of manual
Result: WARN
    LaTeX errors when creating PDF version.
    This typically indicates Rd problems.
Flavor: r-devel-windows-x86_64-gcc10-UCRT

Version: 1.0.2
Check: PDF version of manual without hyperrefs or index
Result: ERROR
    Re-running with no redirection of stdout/stderr.
Flavor: r-devel-windows-x86_64-gcc10-UCRT