CRAN Package Check Results for Package BAS

Last updated on 2021-09-22 06:48:16 CEST.

Flavor Version Tinstall Tcheck Ttotal Status Flags
r-devel-linux-x86_64-debian-clang 1.5.5 12.95 132.42 145.37 OK
r-devel-linux-x86_64-debian-gcc 1.5.5 9.99 98.58 108.57 OK
r-devel-linux-x86_64-fedora-clang 1.5.5 188.81 OK
r-devel-linux-x86_64-fedora-gcc 1.5.5 179.34 OK
r-devel-windows-x86_64 1.5.5 24.00 134.00 158.00 OK
r-devel-windows-x86_64-gcc10-UCRT 1.5.5 ERROR
r-patched-linux-x86_64 1.5.5 12.50 129.91 142.41 OK
r-patched-solaris-x86 1.5.5 343.60 OK
r-release-linux-x86_64 1.5.5 11.37 126.94 138.31 OK
r-release-macos-arm64 1.5.5 OK
r-release-macos-x86_64 1.5.5 OK
r-release-windows-ix86+x86_64 1.5.5 49.00 228.00 277.00 OK
r-oldrel-macos-x86_64 1.5.5 OK
r-oldrel-windows-ix86+x86_64 1.5.5 48.00 228.00 276.00 OK

Check Details

Version: 1.5.5
Check: package dependencies
Result: NOTE
    Packages suggested but not available for checking: 'roxygen2', 'pkgdown'
Flavor: r-devel-windows-x86_64-gcc10-UCRT

Version: 1.5.5
Check: whether package can be installed
Result: ERROR
    Installation failed.
Flavor: r-devel-windows-x86_64-gcc10-UCRT