CRAN Package Check Results for Package BDgraph

Last updated on 2023-05-28 01:53:52 CEST.

Flavor Version Tinstall Tcheck Ttotal Status Flags
r-devel-linux-x86_64-debian-clang 2.72 52.98 117.72 170.70 NOTE
r-devel-linux-x86_64-debian-gcc 2.72 51.14 153.11 204.25 NOTE
r-devel-linux-x86_64-fedora-clang 2.72 205.66 NOTE
r-devel-linux-x86_64-fedora-gcc 2.72 264.03 NOTE
r-devel-windows-x86_64 2.72 49.00 108.00 157.00 NOTE
r-patched-linux-x86_64 2.72 58.90 144.55 203.45 NOTE
r-release-linux-x86_64 2.72 50.56 131.43 181.99 NOTE
r-release-macos-arm64 2.72 69.00 NOTE
r-release-macos-x86_64 2.72 109.00 NOTE
r-release-windows-x86_64 2.72 60.00 119.00 179.00 NOTE
r-oldrel-macos-arm64 2.72 51.00 NOTE
r-oldrel-macos-x86_64 2.72 68.00 OK
r-oldrel-windows-x86_64 2.72 52.00 110.00 162.00 OK

Check Details

Version: 2.72
Check: C++ specification
Result: NOTE
     Specified C++11: please drop specification unless essential
Flavors: r-devel-linux-x86_64-debian-clang, r-devel-linux-x86_64-debian-gcc, r-devel-linux-x86_64-fedora-clang, r-devel-linux-x86_64-fedora-gcc, r-devel-windows-x86_64, r-patched-linux-x86_64, r-release-linux-x86_64, r-release-macos-arm64, r-release-macos-x86_64, r-release-windows-x86_64

Version: 2.72
Check: installed package size
Result: NOTE
     installed size is 5.2Mb
     sub-directories of 1Mb or more:
     libs 3.7Mb
Flavors: r-release-macos-arm64, r-release-macos-x86_64, r-oldrel-macos-arm64

Version: 2.72
Check: package dependencies
Result: NOTE
    Packages suggested but not available for checking: 'ssgraph', 'tmvtnorm'
Flavor: r-release-macos-x86_64

Version: 2.72
Check: Rd cross-references
Result: NOTE
    Package unavailable to check Rd xrefs: ‘ssgraph’
Flavor: r-release-macos-x86_64