CRAN Package Check Results for Package BHTSpack

Last updated on 2021-09-21 06:48:11 CEST.

Flavor Version Tinstall Tcheck Ttotal Status Flags
r-devel-linux-x86_64-debian-clang 0.6 4.65 82.16 86.81 OK
r-devel-linux-x86_64-debian-gcc 0.6 3.34 59.04 62.38 OK
r-devel-linux-x86_64-fedora-clang 0.6 112.02 OK
r-devel-linux-x86_64-fedora-gcc 0.6 103.42 OK
r-devel-windows-x86_64 0.6 6.00 91.00 97.00 OK
r-devel-windows-x86_64-gcc10-UCRT 0.6 ERROR
r-patched-linux-x86_64 0.6 4.15 81.15 85.30 OK
r-patched-solaris-x86 0.6 153.00 OK
r-release-linux-x86_64 0.6 4.26 80.77 85.03 OK
r-release-macos-arm64 0.6 OK
r-release-macos-x86_64 0.6 OK
r-release-windows-ix86+x86_64 0.6 12.00 128.00 140.00 OK
r-oldrel-macos-x86_64 0.6 OK
r-oldrel-windows-ix86+x86_64 0.6 11.00 129.00 140.00 OK

Check Details

Version: 0.6
Check: whether package can be installed
Result: ERROR
    Installation failed.
Flavor: r-devel-windows-x86_64-gcc10-UCRT