CRAN Package Check Results for Package BINCOR

Last updated on 2021-09-27 06:48:17 CEST.

Flavor Version Tinstall Tcheck Ttotal Status Flags
r-devel-linux-x86_64-debian-clang 0.2.0 2.72 26.15 28.87 NOTE
r-devel-linux-x86_64-debian-gcc 0.2.0 2.04 20.39 22.43 NOTE
r-devel-linux-x86_64-fedora-clang 0.2.0 44.11 NOTE
r-devel-linux-x86_64-fedora-gcc 0.2.0 33.83 NOTE
r-devel-windows-x86_64 0.2.0 5.00 33.00 38.00 OK
r-devel-windows-x86_64-gcc10-UCRT 0.2.0 OK
r-patched-linux-x86_64 0.2.0 3.01 25.42 28.43 NOTE
r-patched-solaris-x86 0.2.0 50.10 NOTE
r-release-linux-x86_64 0.2.0 2.70 25.41 28.11 NOTE
r-release-macos-arm64 0.2.0 OK
r-release-macos-x86_64 0.2.0 OK
r-release-windows-ix86+x86_64 0.2.0 6.00 40.00 46.00 OK
r-oldrel-macos-x86_64 0.2.0 OK
r-oldrel-windows-ix86+x86_64 0.2.0 5.00 30.00 35.00 OK

Check Details

Version: 0.2.0
Check: for non-standard things in the check directory
Result: NOTE
    Found the following files/directories:
     'ccf_ccf_ID31_ID32_res.jpg' 'ccf_ccf_ID31_ID32_res.pdf'
     'output_ENSO_NHSST.tmp' 'plot_plot_ts_RAW_BIN_enso_sst.pdf'
     'plot_plot_ts_RAW_BIN_enso_sst01.png'
     'plot_plot_ts_RAW_BIN_enso_sst02.png'
     'plot_plot_ts_RAW_BIN_enso_sst03.png'
     'plot_plot_ts_RAW_BIN_enso_sst04.png' 'plot_ts_ACER_ABRUPT.pdf'
     'plot_ts_ACER_ABRUPT01.png' 'plot_ts_ACER_ABRUPT02.png'
     'plot_ts_ACER_ABRUPT03.png' 'plot_ts_ACER_ABRUPT04.png'
     'salida_ACER_ABRUPT.tmp' 'scaterplot_scatterplot_ENSO_SST.jpg'
     'scaterplot_scatterplot_ENSO_SST.pdf'
Flavors: r-devel-linux-x86_64-debian-clang, r-devel-linux-x86_64-debian-gcc, r-devel-linux-x86_64-fedora-clang, r-devel-linux-x86_64-fedora-gcc, r-patched-linux-x86_64, r-patched-solaris-x86, r-release-linux-x86_64