CRAN Package Check Results for Package BLModel

Last updated on 2021-09-27 06:48:17 CEST.

Flavor Version Tinstall Tcheck Ttotal Status Flags
r-devel-linux-x86_64-debian-clang 1.0.2 2.21 24.81 27.02 NOTE
r-devel-linux-x86_64-debian-gcc 1.0.2 1.59 19.50 21.09 NOTE
r-devel-linux-x86_64-fedora-clang 1.0.2 41.72 NOTE
r-devel-linux-x86_64-fedora-gcc 1.0.2 30.88 NOTE
r-devel-windows-x86_64 1.0.2 4.00 33.00 37.00 NOTE
r-devel-windows-x86_64-gcc10-UCRT 1.0.2 NOTE
r-patched-linux-x86_64 1.0.2 2.33 24.28 26.61 NOTE
r-patched-solaris-x86 1.0.2 48.50 NOTE
r-release-linux-x86_64 1.0.2 1.78 24.14 25.92 NOTE
r-release-macos-arm64 1.0.2 NOTE
r-release-macos-x86_64 1.0.2 NOTE
r-release-windows-ix86+x86_64 1.0.2 5.00 40.00 45.00 NOTE
r-oldrel-macos-x86_64 1.0.2 OK
r-oldrel-windows-ix86+x86_64 1.0.2 15.00 33.00 48.00 OK

Check Details

Version: 1.0.2
Check: LazyData
Result: NOTE
     'LazyData' is specified without a 'data' directory
Flavors: r-devel-linux-x86_64-debian-clang, r-devel-linux-x86_64-debian-gcc, r-devel-linux-x86_64-fedora-clang, r-devel-linux-x86_64-fedora-gcc, r-devel-windows-x86_64, r-devel-windows-x86_64-gcc10-UCRT, r-patched-linux-x86_64, r-patched-solaris-x86, r-release-linux-x86_64, r-release-macos-arm64, r-release-macos-x86_64, r-release-windows-ix86+x86_64