CRAN Package Check Results for Package BRL

Last updated on 2021-09-19 06:48:48 CEST.

Flavor Version Tinstall Tcheck Ttotal Status Flags
r-devel-linux-x86_64-debian-clang 0.1.0 3.10 32.70 35.80 OK
r-devel-linux-x86_64-debian-gcc 0.1.0 2.31 25.12 27.43 OK
r-devel-linux-x86_64-fedora-clang 0.1.0 52.12 OK
r-devel-linux-x86_64-fedora-gcc 0.1.0 41.88 OK
r-devel-windows-x86_64 0.1.0 6.00 45.00 51.00 OK
r-devel-windows-x86_64-gcc10-UCRT 0.1.0 ERROR
r-patched-linux-x86_64 0.1.0 3.23 32.03 35.26 OK
r-patched-solaris-x86 0.1.0 68.70 OK
r-release-linux-x86_64 0.1.0 2.87 31.97 34.84 OK
r-release-macos-arm64 0.1.0 OK
r-release-macos-x86_64 0.1.0 OK
r-release-windows-ix86+x86_64 0.1.0 10.00 76.00 86.00 OK
r-oldrel-macos-x86_64 0.1.0 OK
r-oldrel-windows-ix86+x86_64 0.1.0 9.00 76.00 85.00 OK

Check Details

Version: 0.1.0
Check: whether package can be installed
Result: ERROR
    Installation failed.
Flavor: r-devel-windows-x86_64-gcc10-UCRT