CRAN Package Check Results for Package BSPBSS

Last updated on 2025-01-26 00:49:14 CET.

Flavor Version Tinstall Tcheck Ttotal Status Flags
r-devel-linux-x86_64-debian-clang 1.0.5 33.70 134.82 168.52 NOTE
r-devel-linux-x86_64-debian-gcc 1.0.5 24.56 96.16 120.72 NOTE
r-devel-linux-x86_64-fedora-clang 1.0.5 280.84 NOTE
r-devel-linux-x86_64-fedora-gcc 1.0.5 287.07 NOTE
r-devel-windows-x86_64 1.0.5 37.00 141.00 178.00 NOTE
r-patched-linux-x86_64 1.0.5 34.11 123.23 157.34 NOTE
r-release-linux-x86_64 1.0.5 32.79 124.63 157.42 NOTE
r-release-macos-arm64 1.0.5 87.00 NOTE
r-release-macos-x86_64 1.0.5 137.00 NOTE
r-release-windows-x86_64 1.0.5 39.00 141.00 180.00 NOTE
r-oldrel-macos-arm64 1.0.5 91.00 NOTE
r-oldrel-macos-x86_64 1.0.5 141.00 NOTE
r-oldrel-windows-x86_64 1.0.5 44.00 182.00 226.00 NOTE

Check Details

Version: 1.0.5
Check: C++ specification
Result: NOTE Specified C++11: please drop specification unless essential Flavors: r-devel-linux-x86_64-debian-clang, r-devel-linux-x86_64-debian-gcc, r-devel-linux-x86_64-fedora-clang, r-devel-linux-x86_64-fedora-gcc, r-devel-windows-x86_64, r-patched-linux-x86_64, r-release-linux-x86_64, r-release-macos-arm64, r-release-macos-x86_64, r-release-windows-x86_64, r-oldrel-macos-arm64, r-oldrel-macos-x86_64, r-oldrel-windows-x86_64

Version: 1.0.5
Check: for GNU extensions in Makefiles
Result: NOTE GNU make is a SystemRequirements. Flavors: r-patched-linux-x86_64, r-release-linux-x86_64, r-release-macos-arm64, r-release-macos-x86_64, r-release-windows-x86_64, r-oldrel-macos-arm64, r-oldrel-macos-x86_64, r-oldrel-windows-x86_64