CRAN Package Check Results for Package BVARverse

Last updated on 2024-06-19 00:49:24 CEST.

Flavor Version Tinstall Tcheck Ttotal Status Flags
r-devel-linux-x86_64-debian-clang 0.0.1 7.67 56.03 63.70 NOTE
r-devel-linux-x86_64-debian-gcc 0.0.1 5.38 40.78 46.16 NOTE
r-devel-linux-x86_64-fedora-clang 0.0.1 77.66 NOTE
r-devel-linux-x86_64-fedora-gcc 0.0.1 72.41 NOTE
r-devel-windows-x86_64 0.0.1 7.00 59.00 66.00 NOTE
r-patched-linux-x86_64 0.0.1 4.55 51.62 56.17 NOTE
r-release-linux-x86_64 0.0.1 6.83 53.08 59.91 NOTE
r-release-macos-arm64 0.0.1 25.00 NOTE
r-release-macos-x86_64 0.0.1 44.00 NOTE
r-release-windows-x86_64 0.0.1 7.00 75.00 82.00 NOTE
r-oldrel-macos-arm64 0.0.1 25.00 NOTE
r-oldrel-macos-x86_64 0.0.1 39.00 NOTE
r-oldrel-windows-x86_64 0.0.1 8.00 67.00 75.00 NOTE

Check Details

Version: 0.0.1
Check: LazyData
Result: NOTE 'LazyData' is specified without a 'data' directory Flavors: r-devel-linux-x86_64-debian-clang, r-devel-linux-x86_64-debian-gcc, r-devel-linux-x86_64-fedora-clang, r-devel-linux-x86_64-fedora-gcc, r-devel-windows-x86_64, r-patched-linux-x86_64, r-release-linux-x86_64, r-release-macos-arm64, r-release-macos-x86_64, r-release-windows-x86_64, r-oldrel-macos-arm64, r-oldrel-macos-x86_64, r-oldrel-windows-x86_64

Version: 0.0.1
Check: Rd cross-references
Result: NOTE Undeclared package ‘tibble’ in Rd xrefs Flavor: r-devel-linux-x86_64-fedora-clang