CRAN Package Check Results for Package BVARverse

Last updated on 2021-09-25 06:49:13 CEST.

Flavor Version Tinstall Tcheck Ttotal Status Flags
r-devel-linux-x86_64-debian-clang 0.0.1 5.93 53.22 59.15 NOTE
r-devel-linux-x86_64-debian-gcc 0.0.1 4.82 39.38 44.20 NOTE
r-devel-linux-x86_64-fedora-clang 0.0.1 77.94 NOTE
r-devel-linux-x86_64-fedora-gcc 0.0.1 65.38 NOTE
r-devel-windows-x86_64 0.0.1 7.00 54.00 61.00 NOTE
r-devel-windows-x86_64-gcc10-UCRT 0.0.1 NOTE
r-patched-linux-x86_64 0.0.1 5.68 48.91 54.59 NOTE
r-patched-solaris-x86 0.0.1 93.60 NOTE
r-release-linux-x86_64 0.0.1 3.55 48.39 51.94 NOTE
r-release-macos-arm64 0.0.1 NOTE
r-release-macos-x86_64 0.0.1 NOTE
r-release-windows-ix86+x86_64 0.0.1 14.00 71.00 85.00 NOTE
r-oldrel-macos-x86_64 0.0.1 OK
r-oldrel-windows-ix86+x86_64 0.0.1 11.00 52.00 63.00 OK

Check Details

Version: 0.0.1
Check: LazyData
Result: NOTE
     'LazyData' is specified without a 'data' directory
Flavors: r-devel-linux-x86_64-debian-clang, r-devel-linux-x86_64-debian-gcc, r-devel-linux-x86_64-fedora-clang, r-devel-linux-x86_64-fedora-gcc, r-devel-windows-x86_64, r-devel-windows-x86_64-gcc10-UCRT, r-patched-linux-x86_64, r-patched-solaris-x86, r-release-linux-x86_64, r-release-macos-arm64, r-release-macos-x86_64, r-release-windows-ix86+x86_64

Version: 0.0.1
Check: Rd cross-references
Result: NOTE
    Undeclared package ‘tibble’ in Rd xrefs
Flavor: r-devel-linux-x86_64-fedora-clang