CRAN Package Check Results for Package BallMapper

Last updated on 2021-11-27 08:50:30 CET.

Flavor Version Tinstall Tcheck Ttotal Status Flags
r-devel-linux-x86_64-debian-clang 0.2.0 NOTE
r-devel-linux-x86_64-debian-gcc 0.2.0 3.78 25.01 28.79 NOTE
r-devel-linux-x86_64-fedora-clang 0.2.0 57.50 NOTE
r-devel-linux-x86_64-fedora-gcc 0.2.0 47.31 NOTE
r-devel-windows-x86_64-new-UL 0.2.0 18.00 82.00 100.00 NOTE
r-devel-windows-x86_64-new-TK 0.2.0 NOTE
r-devel-windows-x86_64-old 0.2.0 10.00 44.00 54.00 NOTE
r-patched-linux-x86_64 0.2.0 5.32 30.89 36.21 NOTE
r-patched-solaris-x86 0.2.0 66.00 NOTE
r-release-linux-x86_64 0.2.0 NOTE
r-release-macos-arm64 0.2.0 NOTE
r-release-macos-x86_64 0.2.0 NOTE
r-release-windows-ix86+x86_64 0.2.0 12.00 54.00 66.00 NOTE
r-oldrel-macos-x86_64 0.2.0 NOTE
r-oldrel-windows-ix86+x86_64 0.2.0 12.00 50.00 62.00 OK

Check Details

Version: 0.2.0
Check: LazyData
Result: NOTE
     'LazyData' is specified without a 'data' directory
Flavors: r-devel-linux-x86_64-debian-clang, r-devel-linux-x86_64-debian-gcc, r-devel-linux-x86_64-fedora-clang, r-devel-linux-x86_64-fedora-gcc, r-devel-windows-x86_64-new-UL, r-devel-windows-x86_64-new-TK, r-devel-windows-x86_64-old, r-patched-linux-x86_64, r-patched-solaris-x86, r-release-linux-x86_64, r-release-macos-arm64, r-release-macos-x86_64, r-release-windows-ix86+x86_64

Version: 0.2.0
Check: dependencies in R code
Result: NOTE
    Namespace in Imports field not imported from: ‘testthat’
     All declared Imports should be used.
Flavors: r-devel-linux-x86_64-fedora-clang, r-devel-linux-x86_64-fedora-gcc, r-devel-windows-x86_64-new-TK, r-patched-solaris-x86, r-release-macos-arm64, r-release-macos-x86_64, r-oldrel-macos-x86_64