CRAN Package Check Results for Package BatchGetSymbols

Last updated on 2021-09-22 06:48:16 CEST.

Flavor Version Tinstall Tcheck Ttotal Status Flags
r-devel-linux-x86_64-debian-clang 2.6.1 5.04 55.89 60.93 NOTE
r-devel-linux-x86_64-debian-gcc 2.6.1 3.88 41.86 45.74 NOTE
r-devel-linux-x86_64-fedora-clang 2.6.1 78.59 NOTE
r-devel-linux-x86_64-fedora-gcc 2.6.1 67.36 NOTE
r-devel-windows-x86_64 2.6.1 6.00 60.00 66.00 NOTE
r-devel-windows-x86_64-gcc10-UCRT 2.6.1 ERROR
r-patched-linux-x86_64 2.6.1 5.28 52.06 57.34 NOTE
r-patched-solaris-x86 2.6.1 95.60 NOTE
r-release-linux-x86_64 2.6.1 4.48 51.62 56.10 NOTE
r-release-macos-arm64 2.6.1 NOTE
r-release-macos-x86_64 2.6.1 NOTE
r-release-windows-ix86+x86_64 2.6.1 14.00 76.00 90.00 NOTE
r-oldrel-macos-x86_64 2.6.1 OK
r-oldrel-windows-ix86+x86_64 2.6.1 13.00 79.00 92.00 OK

Check Details

Version: 2.6.1
Check: LazyData
Result: NOTE
     'LazyData' is specified without a 'data' directory
Flavors: r-devel-linux-x86_64-debian-clang, r-devel-linux-x86_64-debian-gcc, r-devel-linux-x86_64-fedora-clang, r-devel-linux-x86_64-fedora-gcc, r-devel-windows-x86_64, r-patched-linux-x86_64, r-patched-solaris-x86, r-release-linux-x86_64, r-release-macos-arm64, r-release-macos-x86_64, r-release-windows-ix86+x86_64

Version: 2.6.1
Check: package dependencies
Result: ERROR
    Packages required but not available: 'rvest', 'XML'
    
    See section 'The DESCRIPTION file' in the 'Writing R Extensions'
    manual.
Flavor: r-devel-windows-x86_64-gcc10-UCRT