CRAN Package Check Results for Package BayesMassBal

Last updated on 2021-10-21 11:52:55 CEST.

Flavor Version Tinstall Tcheck Ttotal Status Flags
r-devel-linux-x86_64-debian-clang 1.0.0 10.44 348.98 359.42 NOTE
r-devel-linux-x86_64-debian-gcc 1.0.0 7.77 254.40 262.17 NOTE
r-devel-linux-x86_64-fedora-clang 1.0.0 415.04 NOTE
r-devel-linux-x86_64-fedora-gcc 1.0.0 421.83 NOTE
r-devel-windows-x86_64 1.0.0 18.00 431.00 449.00 NOTE
r-devel-windows-x86_64-gcc10-UCRT 1.0.0 NOTE
r-patched-linux-x86_64 1.0.0 9.91 341.82 351.73 NOTE
r-patched-solaris-x86 1.0.0 524.40 NOTE
r-release-linux-x86_64 1.0.0 9.24 338.98 348.22 NOTE
r-release-macos-arm64 1.0.0 NOTE
r-release-macos-x86_64 1.0.0 NOTE
r-release-windows-ix86+x86_64 1.0.0 15.00 428.00 443.00 NOTE
r-oldrel-macos-x86_64 1.0.0 OK
r-oldrel-windows-ix86+x86_64 1.0.0 21.00 420.00 441.00 OK

Check Details

Version: 1.0.0
Check: LazyData
Result: NOTE
     'LazyData' is specified without a 'data' directory
Flavors: r-devel-linux-x86_64-debian-clang, r-devel-linux-x86_64-debian-gcc, r-devel-linux-x86_64-fedora-clang, r-devel-linux-x86_64-fedora-gcc, r-devel-windows-x86_64, r-devel-windows-x86_64-gcc10-UCRT, r-patched-linux-x86_64, r-patched-solaris-x86, r-release-linux-x86_64, r-release-macos-arm64, r-release-macos-x86_64, r-release-windows-ix86+x86_64