CRAN Package Check Results for Package BayesianTools

Last updated on 2021-10-22 12:59:07 CEST.

Flavor Version Tinstall Tcheck Ttotal Status Flags
r-devel-linux-x86_64-debian-clang 0.1.7 29.21 239.94 269.15 NOTE
r-devel-linux-x86_64-debian-gcc 0.1.7 23.31 171.94 195.25 NOTE
r-devel-linux-x86_64-fedora-clang 0.1.7 344.68 NOTE
r-devel-linux-x86_64-fedora-gcc 0.1.7 327.32 NOTE
r-devel-windows-x86_64 0.1.7 46.00 299.00 345.00 NOTE
r-devel-windows-x86_64-gcc10-UCRT 0.1.7 NOTE
r-patched-linux-x86_64 0.1.7 29.32 232.38 261.70 NOTE
r-patched-solaris-x86 0.1.7 269.60 NOTE
r-release-linux-x86_64 0.1.7 28.84 231.85 260.69 NOTE
r-release-macos-arm64 0.1.7 NOTE
r-release-macos-x86_64 0.1.7 NOTE
r-release-windows-ix86+x86_64 0.1.7 55.00 369.00 424.00 NOTE
r-oldrel-macos-x86_64 0.1.7 OK
r-oldrel-windows-ix86+x86_64 0.1.7 73.00 374.00 447.00 OK

Check Details

Version: 0.1.7
Check: LazyData
Result: NOTE
     'LazyData' is specified without a 'data' directory
Flavors: r-devel-linux-x86_64-debian-clang, r-devel-linux-x86_64-debian-gcc, r-devel-linux-x86_64-fedora-clang, r-devel-linux-x86_64-fedora-gcc, r-devel-windows-x86_64, r-devel-windows-x86_64-gcc10-UCRT, r-patched-linux-x86_64, r-patched-solaris-x86, r-release-linux-x86_64, r-release-macos-arm64, r-release-macos-x86_64, r-release-windows-ix86+x86_64