CRAN Package Check Results for Package BiTrinA

Last updated on 2021-11-27 08:50:31 CET.

Flavor Version Tinstall Tcheck Ttotal Status Flags
r-devel-linux-x86_64-debian-clang 1.3 OK
r-devel-linux-x86_64-debian-gcc 1.3 6.97 34.21 41.18 OK
r-devel-linux-x86_64-fedora-clang 1.3 76.72 NOTE
r-devel-linux-x86_64-fedora-gcc 1.3 65.98 OK
r-devel-windows-x86_64-new-UL 1.3 24.00 112.00 136.00 OK
r-devel-windows-x86_64-new-TK 1.3 OK
r-devel-windows-x86_64-old 1.3 18.00 77.00 95.00 OK
r-patched-linux-x86_64 1.3 7.97 41.83 49.80 OK
r-patched-solaris-x86 1.3 94.10 OK
r-release-linux-x86_64 1.3 OK
r-release-macos-arm64 1.3 OK
r-release-macos-x86_64 1.3 OK
r-release-windows-ix86+x86_64 1.3 28.00 85.00 113.00 OK
r-oldrel-macos-x86_64 1.3 OK
r-oldrel-windows-ix86+x86_64 1.3 20.00 67.00 87.00 OK

Check Details

Version: 1.3
Check: Rd cross-references
Result: NOTE
    Undeclared package ‘BoolNet’ in Rd xrefs
Flavor: r-devel-linux-x86_64-fedora-clang