CRAN Package Check Results for Package BoomSpikeSlab

Last updated on 2021-09-25 06:49:13 CEST.

Flavor Version Tinstall Tcheck Ttotal Status Flags
r-devel-linux-x86_64-debian-clang 1.2.4 47.77 114.13 161.90 OK
r-devel-linux-x86_64-debian-gcc 1.2.4 36.83 83.06 119.89 OK
r-devel-linux-x86_64-fedora-clang 1.2.4 229.19 NOTE
r-devel-linux-x86_64-fedora-gcc 1.2.4 199.26 OK
r-devel-windows-x86_64 1.2.4 46.00 141.00 187.00 OK
r-devel-windows-x86_64-gcc10-UCRT 1.2.4 OK
r-patched-linux-x86_64 1.2.4 48.60 110.90 159.50 OK
r-release-linux-x86_64 1.2.4 46.63 111.47 158.10 OK
r-release-macos-arm64 1.2.4 NOTE
r-release-macos-x86_64 1.2.4 NOTE
r-release-windows-ix86+x86_64 1.2.4 119.00 308.00 427.00 NOTE
r-oldrel-macos-x86_64 1.2.4 NOTE
r-oldrel-windows-ix86+x86_64 1.2.4 83.00 242.00 325.00 NOTE

Additional issues

rchk

Check Details

Version: 1.2.4
Check: installed package size
Result: NOTE
     installed size is 68.1Mb
     sub-directories of 1Mb or more:
     libs 67.5Mb
Flavors: r-devel-linux-x86_64-fedora-clang, r-release-macos-arm64, r-release-macos-x86_64, r-release-windows-ix86+x86_64, r-oldrel-macos-x86_64, r-oldrel-windows-ix86+x86_64