Last updated on 2023-05-28 01:53:52 CEST.
Flavor | Version | Tinstall | Tcheck | Ttotal | Status | Flags |
---|---|---|---|---|---|---|
r-devel-linux-x86_64-debian-clang | 0.32.1 | 24.57 | 292.64 | 317.21 | NOTE | |
r-devel-linux-x86_64-debian-gcc | 0.32.1 | 20.22 | 214.25 | 234.47 | NOTE | |
r-devel-linux-x86_64-fedora-clang | 0.32.1 | 384.13 | NOTE | |||
r-devel-linux-x86_64-fedora-gcc | 0.32.1 | 404.20 | NOTE | |||
r-devel-windows-x86_64 | 0.32.1 | 22.00 | 236.00 | 258.00 | NOTE | |
r-patched-linux-x86_64 | 0.32.1 | 20.52 | 275.45 | 295.97 | NOTE | |
r-release-linux-x86_64 | 0.32.1 | 15.80 | 273.88 | 289.68 | NOTE | |
r-release-macos-arm64 | 0.32.1 | 124.00 | NOTE | |||
r-release-macos-x86_64 | 0.32.1 | 226.00 | NOTE | |||
r-release-windows-x86_64 | 0.32.1 | 27.00 | 295.00 | 322.00 | NOTE | |
r-oldrel-macos-arm64 | 0.32.1 | 100.00 | NOTE | |||
r-oldrel-macos-x86_64 | 0.32.1 | 183.00 | NOTE | |||
r-oldrel-windows-x86_64 | 0.32.1 | 27.00 | 297.00 | 324.00 | OK |
Version: 0.32.1
Check: Rd files
Result: NOTE
checkRd: (-1) R2txtJG.Rd:90: Escaped LaTeX specials: \#
Flavors: r-devel-linux-x86_64-debian-clang, r-devel-linux-x86_64-debian-gcc, r-devel-linux-x86_64-fedora-clang, r-devel-linux-x86_64-fedora-gcc, r-devel-windows-x86_64, r-patched-linux-x86_64, r-release-linux-x86_64, r-release-macos-arm64, r-release-macos-x86_64, r-release-windows-x86_64
Version: 0.32.1
Check: dependencies in R code
Result: NOTE
Namespace in Imports field not imported from: ‘mathjaxr’
All declared Imports should be used.
Flavors: r-devel-linux-x86_64-fedora-clang, r-devel-linux-x86_64-fedora-gcc, r-oldrel-macos-arm64, r-oldrel-macos-x86_64