CRAN Package Check Results for Package BurStFin

Last updated on 2021-09-25 06:49:13 CEST.

Flavor Version Tinstall Tcheck Ttotal Status Flags
r-devel-linux-x86_64-debian-clang 1.02 2.85 27.05 29.90 NOTE
r-devel-linux-x86_64-debian-gcc 1.02 2.24 20.86 23.10 NOTE
r-devel-linux-x86_64-fedora-clang 1.02 46.72 NOTE
r-devel-linux-x86_64-fedora-gcc 1.02 34.56 NOTE
r-devel-windows-x86_64 1.02 8.00 32.00 40.00 NOTE
r-devel-windows-x86_64-gcc10-UCRT 1.02 NOTE
r-patched-linux-x86_64 1.02 2.82 26.01 28.83 NOTE
r-patched-solaris-x86 1.02 55.90 NOTE
r-release-linux-x86_64 1.02 2.60 26.12 28.72 NOTE
r-release-macos-arm64 1.02 NOTE
r-release-macos-x86_64 1.02 NOTE
r-release-windows-ix86+x86_64 1.02 7.00 40.00 47.00 NOTE
r-oldrel-macos-x86_64 1.02 NOTE
r-oldrel-windows-ix86+x86_64 1.02 6.00 41.00 47.00 NOTE

Check Details

Version: 1.02
Check: R code for possible problems
Result: NOTE
    alpha.proxy: no visible global function definition for 'filled.contour'
    alpha.proxy: no visible global function definition for 'axis'
    alpha.proxy: no visible global function definition for 'contour'
    factor.model.stat: no visible global function definition for 'quantile'
    factor.model.stat: no visible global function definition for 'lsfit'
    partial.rainbow: no visible binding for global variable 'rainbow'
    var.shrink.eqcor: no visible global function definition for 'var'
    var.shrink.eqcor: no visible global function definition for 'quantile'
    var.shrink.eqcor: no visible global function definition for 'cov2cor'
    Undefined global functions or variables:
     axis contour cov2cor filled.contour lsfit quantile rainbow var
    Consider adding
     importFrom("grDevices", "rainbow")
     importFrom("graphics", "axis", "contour", "filled.contour")
     importFrom("stats", "cov2cor", "lsfit", "quantile", "var")
    to your NAMESPACE file.
Flavors: r-devel-linux-x86_64-debian-clang, r-devel-linux-x86_64-debian-gcc, r-devel-linux-x86_64-fedora-clang, r-devel-linux-x86_64-fedora-gcc, r-devel-windows-x86_64, r-devel-windows-x86_64-gcc10-UCRT, r-patched-linux-x86_64, r-patched-solaris-x86, r-release-linux-x86_64, r-release-macos-arm64, r-release-macos-x86_64, r-release-windows-ix86+x86_64, r-oldrel-macos-x86_64, r-oldrel-windows-ix86+x86_64