CRAN Package Check Results for Package CARLIT

Last updated on 2021-09-26 06:49:02 CEST.

Flavor Version Tinstall Tcheck Ttotal Status Flags
r-devel-linux-x86_64-debian-clang 1.0 1.85 23.16 25.01 NOTE
r-devel-linux-x86_64-debian-gcc 1.0 1.58 18.23 19.81 NOTE
r-devel-linux-x86_64-fedora-clang 1.0 39.60 NOTE
r-devel-linux-x86_64-fedora-gcc 1.0 28.79 NOTE
r-devel-windows-x86_64 1.0 3.00 28.00 31.00 NOTE
r-devel-windows-x86_64-gcc10-UCRT 1.0 NOTE
r-patched-linux-x86_64 1.0 1.91 22.54 24.45 NOTE
r-patched-solaris-x86 1.0 46.00 NOTE
r-release-linux-x86_64 1.0 1.78 22.52 24.30 NOTE
r-release-macos-arm64 1.0 NOTE
r-release-macos-x86_64 1.0 NOTE
r-release-windows-ix86+x86_64 1.0 5.00 36.00 41.00 NOTE
r-oldrel-macos-x86_64 1.0 NOTE
r-oldrel-windows-ix86+x86_64 1.0 4.00 36.00 40.00 NOTE

Check Details

Version: 1.0
Check: R code for possible problems
Result: NOTE
    barplotEQR: no visible global function definition for 'barplot'
    barplotEQR: no visible global function definition for 'abline'
    barplotEQR: no visible global function definition for 'par'
    barplotEQR: no visible global function definition for 'text'
    Undefined global functions or variables:
     abline barplot par text
    Consider adding
     importFrom("graphics", "abline", "barplot", "par", "text")
    to your NAMESPACE file.
Flavors: r-devel-linux-x86_64-debian-clang, r-devel-linux-x86_64-debian-gcc, r-devel-linux-x86_64-fedora-clang, r-devel-linux-x86_64-fedora-gcc, r-devel-windows-x86_64, r-devel-windows-x86_64-gcc10-UCRT, r-patched-linux-x86_64, r-patched-solaris-x86, r-release-linux-x86_64, r-release-macos-arm64, r-release-macos-x86_64, r-release-windows-ix86+x86_64, r-oldrel-macos-x86_64, r-oldrel-windows-ix86+x86_64