CRAN Package Check Results for Package CDNmoney

Last updated on 2021-09-20 07:50:23 CEST.

Flavor Version Tinstall Tcheck Ttotal Status Flags
r-devel-linux-x86_64-debian-clang 2012.4-2 1.95 30.22 32.17 OK
r-devel-linux-x86_64-debian-gcc 2012.4-2 1.57 23.90 25.47 OK
r-devel-linux-x86_64-fedora-clang 2012.4-2 48.82 OK
r-devel-linux-x86_64-fedora-gcc 2012.4-2 37.71 OK
r-devel-windows-x86_64 2012.4-2 4.00 38.00 42.00 OK
r-devel-windows-x86_64-gcc10-UCRT 2012.4-2 ERROR
r-patched-linux-x86_64 2012.4-2 1.85 29.40 31.25 OK
r-patched-solaris-x86 2012.4-2 60.60 OK
r-release-linux-x86_64 2012.4-2 1.95 29.34 31.29 OK
r-release-macos-arm64 2012.4-2 OK
r-release-macos-x86_64 2012.4-2 OK
r-release-windows-ix86+x86_64 2012.4-2 5.00 50.00 55.00 OK
r-oldrel-macos-x86_64 2012.4-2 OK
r-oldrel-windows-ix86+x86_64 2012.4-2 5.00 40.00 45.00 OK

Check Details

Version: 2012.4-2
Check: whether package can be installed
Result: WARN
    Found the following significant warnings:
     WARNING: installation-time patches will not be applied, could not get the patches index
Flavor: r-devel-windows-x86_64-gcc10-UCRT

Version: 2012.4-2
Check: PDF version of manual
Result: WARN
    LaTeX errors when creating PDF version.
    This typically indicates Rd problems.
Flavor: r-devel-windows-x86_64-gcc10-UCRT

Version: 2012.4-2
Check: PDF version of manual without hyperrefs or index
Result: ERROR
    Re-running with no redirection of stdout/stderr.
Flavor: r-devel-windows-x86_64-gcc10-UCRT