CRAN Package Check Results for Package CGE

Last updated on 2021-09-25 06:49:14 CEST.

Flavor Version Tinstall Tcheck Ttotal Status Flags
r-devel-linux-x86_64-debian-clang 0.3.3 5.25 51.94 57.19 NOTE
r-devel-linux-x86_64-debian-gcc 0.3.3 4.34 38.03 42.37 NOTE
r-devel-linux-x86_64-fedora-clang 0.3.3 76.21 NOTE
r-devel-linux-x86_64-fedora-gcc 0.3.3 66.13 NOTE
r-devel-windows-x86_64 0.3.3 6.00 50.00 56.00 NOTE
r-devel-windows-x86_64-gcc10-UCRT 0.3.3 NOTE
r-patched-linux-x86_64 0.3.3 5.79 48.50 54.29 NOTE
r-patched-solaris-x86 0.3.3 82.40 NOTE
r-release-linux-x86_64 0.3.3 4.61 49.29 53.90 NOTE
r-release-macos-arm64 0.3.3 NOTE
r-release-macos-x86_64 0.3.3 NOTE
r-release-windows-ix86+x86_64 0.3.3 11.00 64.00 75.00 NOTE
r-oldrel-macos-x86_64 0.3.3 OK
r-oldrel-windows-ix86+x86_64 0.3.3 8.00 64.00 72.00 OK

Check Details

Version: 0.3.3
Check: LazyData
Result: NOTE
     'LazyData' is specified without a 'data' directory
Flavors: r-devel-linux-x86_64-debian-clang, r-devel-linux-x86_64-debian-gcc, r-devel-linux-x86_64-fedora-clang, r-devel-linux-x86_64-fedora-gcc, r-devel-windows-x86_64, r-devel-windows-x86_64-gcc10-UCRT, r-patched-linux-x86_64, r-patched-solaris-x86, r-release-linux-x86_64, r-release-macos-arm64, r-release-macos-x86_64, r-release-windows-ix86+x86_64