CRAN Package Check Results for Package CJAMP

Last updated on 2021-09-26 06:49:02 CEST.

Flavor Version Tinstall Tcheck Ttotal Status Flags
r-devel-linux-x86_64-debian-clang 0.1.1 3.46 142.91 146.37 NOTE
r-devel-linux-x86_64-debian-gcc 0.1.1 3.06 100.50 103.56 NOTE
r-devel-linux-x86_64-fedora-clang 0.1.1 174.81 NOTE
r-devel-linux-x86_64-fedora-gcc 0.1.1 166.11 NOTE
r-devel-windows-x86_64 0.1.1 5.00 131.00 136.00 NOTE
r-devel-windows-x86_64-gcc10-UCRT 0.1.1 NOTE
r-patched-linux-x86_64 0.1.1 3.83 136.45 140.28 NOTE
r-patched-solaris-x86 0.1.1 185.90 NOTE
r-release-linux-x86_64 0.1.1 3.04 136.19 139.23 NOTE
r-release-macos-arm64 0.1.1 NOTE
r-release-macos-x86_64 0.1.1 NOTE
r-release-windows-ix86+x86_64 0.1.1 8.00 176.00 184.00 NOTE
r-oldrel-macos-x86_64 0.1.1 OK
r-oldrel-windows-ix86+x86_64 0.1.1 29.00 133.00 162.00 OK

Check Details

Version: 0.1.1
Check: LazyData
Result: NOTE
     'LazyData' is specified without a 'data' directory
Flavors: r-devel-linux-x86_64-debian-clang, r-devel-linux-x86_64-debian-gcc, r-devel-linux-x86_64-fedora-clang, r-devel-linux-x86_64-fedora-gcc, r-devel-windows-x86_64, r-devel-windows-x86_64-gcc10-UCRT, r-patched-linux-x86_64, r-patched-solaris-x86, r-release-linux-x86_64, r-release-macos-arm64, r-release-macos-x86_64, r-release-windows-ix86+x86_64