CRAN Package Check Results for Package COSINE

Last updated on 2021-10-27 01:51:14 CEST.

Flavor Version Tinstall Tcheck Ttotal Status Flags
r-devel-linux-x86_64-debian-clang 2.1 4.14 34.80 38.94 NOTE
r-devel-linux-x86_64-debian-gcc 2.1 2.74 27.47 30.21 NOTE
r-devel-linux-x86_64-fedora-clang 2.1 57.22 NOTE
r-devel-linux-x86_64-fedora-gcc 2.1 46.89 NOTE
r-devel-windows-x86_64 2.1 11.00 47.00 58.00 NOTE
r-devel-windows-x86_64-gcc10-UCRT 2.1 NOTE
r-patched-linux-x86_64 2.1 4.14 34.35 38.49 NOTE
r-patched-solaris-x86 2.1 77.60 NOTE
r-release-linux-x86_64 2.1 3.60 34.53 38.13 NOTE
r-release-macos-arm64 2.1 NOTE
r-release-macos-x86_64 2.1 NOTE
r-release-windows-ix86+x86_64 2.1 10.00 57.00 67.00 NOTE
r-oldrel-macos-x86_64 2.1 NOTE
r-oldrel-windows-ix86+x86_64 2.1 12.00 64.00 76.00 NOTE

Check Details

Version: 2.1
Check: DESCRIPTION meta-information
Result: NOTE
    Malformed Description field: should contain one or more complete sentences.
Flavors: r-devel-linux-x86_64-debian-clang, r-devel-linux-x86_64-debian-gcc, r-devel-linux-x86_64-fedora-clang, r-devel-linux-x86_64-fedora-gcc, r-devel-windows-x86_64, r-devel-windows-x86_64-gcc10-UCRT, r-patched-linux-x86_64, r-patched-solaris-x86, r-release-linux-x86_64, r-release-macos-arm64, r-release-macos-x86_64, r-release-windows-ix86+x86_64, r-oldrel-macos-x86_64, r-oldrel-windows-ix86+x86_64

Version: 2.1
Check: R code for possible problems
Result: NOTE
    GA_search : subset_score: no visible global function definition for
     'combn'
    choose_lambda : subset_score: no visible global function definition for
     'combn'
    cond.fyx: no visible global function definition for 'var'
    cond.fyx: no visible global function definition for 'cor'
    diff_gen_PPI: no visible global function definition for 'cov'
    diff_gen_PPI: no visible global function definition for 'sd'
    f.test: no visible binding for global variable 'var'
    get_quantiles : node_edge: no visible global function definition for
     'combn'
    score_scaling: no visible global function definition for 'hist'
    score_scaling: no visible global function definition for 'sd'
    Undefined global functions or variables:
     combn cor cov hist sd var
    Consider adding
     importFrom("graphics", "hist")
     importFrom("stats", "cor", "cov", "sd", "var")
     importFrom("utils", "combn")
    to your NAMESPACE file.
Flavors: r-devel-linux-x86_64-debian-clang, r-devel-linux-x86_64-debian-gcc, r-devel-linux-x86_64-fedora-clang, r-devel-linux-x86_64-fedora-gcc, r-devel-windows-x86_64, r-devel-windows-x86_64-gcc10-UCRT, r-patched-linux-x86_64, r-patched-solaris-x86, r-release-linux-x86_64, r-release-macos-arm64, r-release-macos-x86_64, r-release-windows-ix86+x86_64, r-oldrel-macos-x86_64, r-oldrel-windows-ix86+x86_64